{"id":9793,"date":"2026-04-11T08:59:28","date_gmt":"2026-04-11T08:59:28","guid":{"rendered":"https:\/\/www.band-maid.fr\/?page_id=9793"},"modified":"2026-05-11T16:53:58","modified_gmt":"2026-05-11T16:53:58","slug":"bitter-sweet-love","status":"publish","type":"page","link":"https:\/\/www.band-maid.fr\/index.php\/bitter-sweet-love\/","title":{"rendered":"Bitter Sweet Love"},"content":{"rendered":"\n<p>Bitter Sweet Love a la particularit\u00e9 d&rsquo;avoir \u00e9t\u00e9 jou\u00e9e en concert au d\u00e9but de Band-Maid sans jamais avoir \u00e9t\u00e9 enregistr\u00e9e sur un disque.<br>Elle reste myst\u00e9rieuse quant \u00e0 son origine et ses paroles ne sont pas diffus\u00e9es&#8230;<br>La voici au d\u00e9but du concert acoustique enregistr\u00e9 lors de l&rsquo;Engadget Fes 2014 Winter, le 24 novembre 2014.<\/p>\n\n\n\n<figure class=\"wp-block-image aligncenter size-large\"><img fetchpriority=\"high\" decoding=\"async\" width=\"1024\" height=\"78\" src=\"https:\/\/www.band-maid.fr\/wp-content\/uploads\/2026\/02\/bande-noire-1024x78.jpg\" alt=\"\" class=\"wp-image-8482\" srcset=\"https:\/\/www.band-maid.fr\/wp-content\/uploads\/2026\/02\/bande-noire-1024x78.jpg 1024w, https:\/\/www.band-maid.fr\/wp-content\/uploads\/2026\/02\/bande-noire-300x23.jpg 300w, https:\/\/www.band-maid.fr\/wp-content\/uploads\/2026\/02\/bande-noire.jpg 1280w\" sizes=\"(max-width: 1024px) 100vw, 1024px\" \/><\/figure>\n\n\n\n<figure class=\"wp-block-embed is-type-video is-provider-youtube wp-block-embed-youtube wp-embed-aspect-16-9 wp-has-aspect-ratio\"><div class=\"wp-block-embed__wrapper\">\n<iframe title=\"\u3010BAND MAID\u3011   Engadget FES 2014 11 24\" width=\"950\" height=\"534\" src=\"https:\/\/www.youtube.com\/embed\/gBl5gVdQhEg?feature=oembed\" frameborder=\"0\" allow=\"accelerometer; autoplay; clipboard-write; encrypted-media; gyroscope; picture-in-picture; web-share\" referrerpolicy=\"strict-origin-when-cross-origin\" allowfullscreen><\/iframe>\n<\/div><\/figure>\n\n\n\n<figure class=\"wp-block-image aligncenter size-large\"><img fetchpriority=\"high\" decoding=\"async\" width=\"1024\" height=\"78\" src=\"https:\/\/www.band-maid.fr\/wp-content\/uploads\/2026\/02\/bande-noire-1024x78.jpg\" alt=\"\" class=\"wp-image-8482\" srcset=\"https:\/\/www.band-maid.fr\/wp-content\/uploads\/2026\/02\/bande-noire-1024x78.jpg 1024w, https:\/\/www.band-maid.fr\/wp-content\/uploads\/2026\/02\/bande-noire-300x23.jpg 300w, https:\/\/www.band-maid.fr\/wp-content\/uploads\/2026\/02\/bande-noire.jpg 1280w\" sizes=\"(max-width: 1024px) 100vw, 1024px\" \/><\/figure>\n\n\n\n<div class=\"wp-block-advgb-columns advgb-columns-wrapper\" id=\"advgb-cols-57ad029e-c42d-40b6-9d21-a85348540086\"><div class=\"advgb-columns-container\"><div class=\"advgb-columns advgb-columns-row advgb-is-mobile advgb-columns-2 layout-14-34 mbl-layout-stacked vgutter-10\">\n<div class=\"wp-block-advgb-column advgb-column\" id=\"advgb-col-1c40ca00-bb8b-4556-8758-95ad5150d389\"><div class=\"advgb-column-inner\" style=\"border-style:none;border-width:1px\">\n<p><strong>SETLIST :<\/strong><br><strong>1:44 <\/strong><br>5:33<br>10:50<br>15:58<br>21:21<br>26:32<\/p>\n<\/div><\/div>\n\n\n\n<div class=\"wp-block-advgb-column advgb-column\" id=\"advgb-col-0ec2370f-4093-46be-9a13-a870bdae2af9\"><div class=\"advgb-column-inner\" style=\"border-style:none;border-width:1px\">\n<p><br><strong>Bitter Sweet Love <\/strong><br>Ai to Jonetsu no Matador (Love, Passion, Matador)<br>Yoake Mae (Before Dawn)<br>Thrill<br>Forward<br>Knockin&rsquo; on Your Heart<\/p>\n<\/div><\/div>\n<\/div><\/div><\/div>\n\n\n\n<p>Profitez-en pour \u00e9couter la version de Thrill, originale en acoustique.<\/p>\n\n\n\n<figure class=\"wp-block-image aligncenter size-large\"><img fetchpriority=\"high\" decoding=\"async\" width=\"1024\" height=\"78\" src=\"https:\/\/www.band-maid.fr\/wp-content\/uploads\/2026\/02\/bande-noire-1024x78.jpg\" alt=\"\" class=\"wp-image-8482\" srcset=\"https:\/\/www.band-maid.fr\/wp-content\/uploads\/2026\/02\/bande-noire-1024x78.jpg 1024w, https:\/\/www.band-maid.fr\/wp-content\/uploads\/2026\/02\/bande-noire-300x23.jpg 300w, https:\/\/www.band-maid.fr\/wp-content\/uploads\/2026\/02\/bande-noire.jpg 1280w\" sizes=\"(max-width: 1024px) 100vw, 1024px\" \/><\/figure>\n\n\n\n<div class=\"wp-block-advgb-columns advgb-columns-wrapper\" id=\"advgb-cols-54d45a6f-eb66-4a4d-a305-3d88801e4a13\"><div class=\"advgb-columns-container\"><div class=\"advgb-columns advgb-columns-row advgb-is-mobile advgb-columns-3 layout-13-13-13 mbl-layout-stacked vgutter-10\">\n<div class=\"wp-block-advgb-column advgb-column\" id=\"advgb-col-a954b3ad-06f0-4ea2-ae66-bd4b9063bd3a\"><div class=\"advgb-column-inner\" style=\"border-style:none;border-width:1px\">\n<div class=\"wp-block-advgb-button alignnone\"><a class=\"wp-block-advgb-button_link advgbbtn-39216b52-6784-4522-bc1a-5693bb1f7425\" href=\"https:\/\/www.band-maid.fr\/index.php\/chansons\/\" target=\"_self\" rel=\"noopener noreferrer\"><span><strong><strong>Chansons<\/strong><\/strong><\/span><\/a><\/div>\n<\/div><\/div>\n\n\n\n<div class=\"wp-block-advgb-column advgb-column\" id=\"advgb-col-5aeddcf7-1488-4113-83db-e9c3710ec42e\"><div class=\"advgb-column-inner\" style=\"border-style:none;border-width:1px\"><\/div><\/div>\n\n\n\n<div class=\"wp-block-advgb-column advgb-column\" id=\"advgb-col-a24d8651-584e-4a74-aefe-0c873db4d19d\"><div class=\"advgb-column-inner\" style=\"border-style:none;border-width:1px\">\n<div class=\"wp-block-advgb-button alignright\"><a class=\"wp-block-advgb-button_link advgbbtn-2143f9a2-45cb-4d4d-8ace-adf9d9024a49\" href=\"https:\/\/www.band-maid.fr\/index.php\/discographie-de-band-maid\/\" target=\"_self\" rel=\"noopener noreferrer\"><span>Discographie<\/span><\/a><\/div>\n<\/div><\/div>\n<\/div><\/div><\/div>\n\n\n\n<figure class=\"wp-block-image aligncenter size-large\"><img fetchpriority=\"high\" decoding=\"async\" width=\"1024\" height=\"78\" src=\"https:\/\/www.band-maid.fr\/wp-content\/uploads\/2026\/02\/bande-noire-1024x78.jpg\" alt=\"\" class=\"wp-image-8482\" srcset=\"https:\/\/www.band-maid.fr\/wp-content\/uploads\/2026\/02\/bande-noire-1024x78.jpg 1024w, https:\/\/www.band-maid.fr\/wp-content\/uploads\/2026\/02\/bande-noire-300x23.jpg 300w, https:\/\/www.band-maid.fr\/wp-content\/uploads\/2026\/02\/bande-noire.jpg 1280w\" sizes=\"(max-width: 1024px) 100vw, 1024px\" \/><\/figure>\n\n\n\n<p><\/p>\n<style class=\"advgb-styles-renderer\">#advgb-col-1c40ca00-bb8b-4556-8758-95ad5150d389>.advgb-column-inner{}@media screen and (max-width: 1023px) {#advgb-col-1c40ca00-bb8b-4556-8758-95ad5150d389>.advgb-column-inner{}}@media screen and (max-width: 767px) {#advgb-col-1c40ca00-bb8b-4556-8758-95ad5150d389>.advgb-column-inner{}}#advgb-col-0ec2370f-4093-46be-9a13-a870bdae2af9>.advgb-column-inner{}@media screen and (max-width: 1023px) {#advgb-col-0ec2370f-4093-46be-9a13-a870bdae2af9>.advgb-column-inner{}}@media screen and (max-width: 767px) {#advgb-col-0ec2370f-4093-46be-9a13-a870bdae2af9>.advgb-column-inner{}}#advgb-cols-57ad029e-c42d-40b6-9d21-a85348540086{}@media screen and (max-width: 1023px) {#advgb-cols-57ad029e-c42d-40b6-9d21-a85348540086{}}@media screen and (max-width: 767px) {#advgb-cols-57ad029e-c42d-40b6-9d21-a85348540086{}}#advgb-col-1c40ca00-bb8b-4556-8758-95ad5150d389>.advgb-column-inner{}@media screen and (max-width: 1023px) {#advgb-col-1c40ca00-bb8b-4556-8758-95ad5150d389>.advgb-column-inner{}}@media screen and (max-width: 767px) {#advgb-col-1c40ca00-bb8b-4556-8758-95ad5150d389>.advgb-column-inner{}}#advgb-col-0ec2370f-4093-46be-9a13-a870bdae2af9>.advgb-column-inner{}@media screen and (max-width: 1023px) {#advgb-col-0ec2370f-4093-46be-9a13-a870bdae2af9>.advgb-column-inner{}}@media screen and (max-width: 767px) {#advgb-col-0ec2370f-4093-46be-9a13-a870bdae2af9>.advgb-column-inner{}}.advgbbtn-39216b52-6784-4522-bc1a-5693bb1f7425{font-size:18px;color:#fff !important;background-color:#2196f3 !important;margin:0px 0px 0px 0px !important;padding:10px 30px 10px 30px;border-width:1px !important;border-style:none;border-radius:50px !important;}.advgbbtn-39216b52-6784-4522-bc1a-5693bb1f7425:hover{box-shadow:1px 1px 12px 0px #ccc;opacity:1;transition:all 0.2s ease;}.advgbbtn-39216b52-6784-4522-bc1a-5693bb1f7425 > i {display: none !important;}#advgb-col-a954b3ad-06f0-4ea2-ae66-bd4b9063bd3a>.advgb-column-inner{}@media screen and (max-width: 1023px) {#advgb-col-a954b3ad-06f0-4ea2-ae66-bd4b9063bd3a>.advgb-column-inner{}}@media screen and (max-width: 767px) {#advgb-col-a954b3ad-06f0-4ea2-ae66-bd4b9063bd3a>.advgb-column-inner{}}.advgbbtn-39216b52-6784-4522-bc1a-5693bb1f7425{font-size:18px;color:#fff !important;background-color:#2196f3 !important;margin:0px 0px 0px 0px !important;padding:10px 30px 10px 30px;border-width:1px !important;border-style:none;border-radius:50px !important;}.advgbbtn-39216b52-6784-4522-bc1a-5693bb1f7425:hover{box-shadow:1px 1px 12px 0px #ccc;opacity:1;transition:all 0.2s ease;}.advgbbtn-39216b52-6784-4522-bc1a-5693bb1f7425 > i {display: none !important;}#advgb-col-5aeddcf7-1488-4113-83db-e9c3710ec42e>.advgb-column-inner{}@media screen and (max-width: 1023px) {#advgb-col-5aeddcf7-1488-4113-83db-e9c3710ec42e>.advgb-column-inner{}}@media screen and (max-width: 767px) {#advgb-col-5aeddcf7-1488-4113-83db-e9c3710ec42e>.advgb-column-inner{}}.advgbbtn-2143f9a2-45cb-4d4d-8ace-adf9d9024a49{font-size:18px;color:#fff !important;background-color:#2196f3 !important;margin:0px 0px 0px 0px !important;padding:10px 30px 10px 30px;border-width:1px !important;border-style:none;border-radius:50px !important;}.advgbbtn-2143f9a2-45cb-4d4d-8ace-adf9d9024a49:hover{box-shadow:1px 1px 12px 0px #ccc;opacity:1;transition:all 0.2s ease;}.advgbbtn-2143f9a2-45cb-4d4d-8ace-adf9d9024a49 > i {display: none !important;}#advgb-col-a24d8651-584e-4a74-aefe-0c873db4d19d>.advgb-column-inner{}@media screen and (max-width: 1023px) {#advgb-col-a24d8651-584e-4a74-aefe-0c873db4d19d>.advgb-column-inner{}}@media screen and (max-width: 767px) {#advgb-col-a24d8651-584e-4a74-aefe-0c873db4d19d>.advgb-column-inner{}}.advgbbtn-2143f9a2-45cb-4d4d-8ace-adf9d9024a49{font-size:18px;color:#fff !important;background-color:#2196f3 !important;margin:0px 0px 0px 0px !important;padding:10px 30px 10px 30px;border-width:1px !important;border-style:none;border-radius:50px !important;}.advgbbtn-2143f9a2-45cb-4d4d-8ace-adf9d9024a49:hover{box-shadow:1px 1px 12px 0px #ccc;opacity:1;transition:all 0.2s ease;}.advgbbtn-2143f9a2-45cb-4d4d-8ace-adf9d9024a49 > i {display: none !important;}#advgb-cols-54d45a6f-eb66-4a4d-a305-3d88801e4a13{}@media screen and (max-width: 1023px) {#advgb-cols-54d45a6f-eb66-4a4d-a305-3d88801e4a13{}}@media screen and (max-width: 767px) {#advgb-cols-54d45a6f-eb66-4a4d-a305-3d88801e4a13{}}#advgb-col-a954b3ad-06f0-4ea2-ae66-bd4b9063bd3a>.advgb-column-inner{}@media screen and (max-width: 1023px) {#advgb-col-a954b3ad-06f0-4ea2-ae66-bd4b9063bd3a>.advgb-column-inner{}}@media screen and (max-width: 767px) {#advgb-col-a954b3ad-06f0-4ea2-ae66-bd4b9063bd3a>.advgb-column-inner{}}.advgbbtn-39216b52-6784-4522-bc1a-5693bb1f7425{font-size:18px;color:#fff !important;background-color:#2196f3 !important;margin:0px 0px 0px 0px !important;padding:10px 30px 10px 30px;border-width:1px !important;border-style:none;border-radius:50px !important;}.advgbbtn-39216b52-6784-4522-bc1a-5693bb1f7425:hover{box-shadow:1px 1px 12px 0px #ccc;opacity:1;transition:all 0.2s ease;}.advgbbtn-39216b52-6784-4522-bc1a-5693bb1f7425 > i {display: none !important;}#advgb-col-5aeddcf7-1488-4113-83db-e9c3710ec42e>.advgb-column-inner{}@media screen and (max-width: 1023px) {#advgb-col-5aeddcf7-1488-4113-83db-e9c3710ec42e>.advgb-column-inner{}}@media screen and (max-width: 767px) {#advgb-col-5aeddcf7-1488-4113-83db-e9c3710ec42e>.advgb-column-inner{}}#advgb-col-a24d8651-584e-4a74-aefe-0c873db4d19d>.advgb-column-inner{}@media screen and (max-width: 1023px) {#advgb-col-a24d8651-584e-4a74-aefe-0c873db4d19d>.advgb-column-inner{}}@media screen and (max-width: 767px) {#advgb-col-a24d8651-584e-4a74-aefe-0c873db4d19d>.advgb-column-inner{}}.advgbbtn-2143f9a2-45cb-4d4d-8ace-adf9d9024a49{font-size:18px;color:#fff !important;background-color:#2196f3 !important;margin:0px 0px 0px 0px !important;padding:10px 30px 10px 30px;border-width:1px !important;border-style:none;border-radius:50px !important;}.advgbbtn-2143f9a2-45cb-4d4d-8ace-adf9d9024a49:hover{box-shadow:1px 1px 12px 0px #ccc;opacity:1;transition:all 0.2s ease;}.advgbbtn-2143f9a2-45cb-4d4d-8ace-adf9d9024a49 > i {display: none !important;}<\/style>","protected":false},"excerpt":{"rendered":"<p>Bitter Sweet Love a la particularit\u00e9 d&rsquo;avoir \u00e9t\u00e9 jou\u00e9e en concert au d\u00e9but de Band-Maid sans jamais avoir \u00e9t\u00e9 enregistr\u00e9e sur un disque.Elle reste myst\u00e9rieuse quant \u00e0 son origine et ses paroles ne sont pas diffus\u00e9es&#8230;La voici au d\u00e9but du concert acoustique enregistr\u00e9 lors de l&rsquo;Engadget Fes 2014 Winter, le 24 novembre 2014. Profitez-en pour &hellip; <\/p>\n<p class=\"link-more\"><a href=\"https:\/\/www.band-maid.fr\/index.php\/bitter-sweet-love\/\" class=\"more-link\">Lire la suite de<span class=\"screen-reader-text\">\u00ab\u00a0Bitter Sweet Love\u00a0\u00bb<\/span><\/a><\/p>\n","protected":false},"author":1,"featured_media":9796,"parent":0,"menu_order":0,"comment_status":"closed","ping_status":"closed","template":"","meta":{"advgb_blocks_editor_width":"","advgb_blocks_columns_visual_guide":"","footnotes":""},"class_list":["post-9793","page","type-page","status-publish","has-post-thumbnail","hentry"],"yoast_head":"<!-- This site is optimized with the Yoast SEO plugin v27.6 - https:\/\/yoast.com\/product\/yoast-seo-wordpress\/ -->\n<title>Bitter Sweet Love - BAND-MAID<\/title>\n<meta name=\"robots\" content=\"index, follow, max-snippet:-1, max-image-preview:large, max-video-preview:-1\" \/>\n<link rel=\"canonical\" href=\"https:\/\/www.band-maid.fr\/index.php\/bitter-sweet-love\/\" \/>\n<meta property=\"og:locale\" content=\"fr_FR\" \/>\n<meta property=\"og:type\" content=\"article\" \/>\n<meta property=\"og:title\" content=\"Bitter Sweet Love - BAND-MAID\" \/>\n<meta property=\"og:description\" content=\"Bitter Sweet Love a la particularit\u00e9 d&rsquo;avoir \u00e9t\u00e9 jou\u00e9e en concert au d\u00e9but de Band-Maid sans jamais avoir \u00e9t\u00e9 enregistr\u00e9e sur un disque.Elle reste myst\u00e9rieuse quant \u00e0 son origine et ses paroles ne sont pas diffus\u00e9es&#8230;La voici au d\u00e9but du concert acoustique enregistr\u00e9 lors de l&rsquo;Engadget Fes 2014 Winter, le 24 novembre 2014. Profitez-en pour &hellip; Lire la suite de\u00ab\u00a0Bitter Sweet Love\u00a0\u00bb\" \/>\n<meta property=\"og:url\" content=\"https:\/\/www.band-maid.fr\/index.php\/bitter-sweet-love\/\" \/>\n<meta property=\"og:site_name\" content=\"BAND-MAID\" \/>\n<meta property=\"article:publisher\" content=\"https:\/\/www.facebook.com\/bandmaid\" \/>\n<meta property=\"article:modified_time\" content=\"2026-05-11T16:53:58+00:00\" \/>\n<meta property=\"og:image\" content=\"https:\/\/www.band-maid.fr\/wp-content\/uploads\/2026\/04\/bandeau-engadget.jpg\" \/>\n\t<meta property=\"og:image:width\" content=\"1200\" \/>\n\t<meta property=\"og:image:height\" content=\"527\" \/>\n\t<meta property=\"og:image:type\" content=\"image\/jpeg\" \/>\n<meta name=\"twitter:card\" content=\"summary_large_image\" \/>\n<meta name=\"twitter:site\" content=\"@bandmaid\" \/>\n<meta name=\"twitter:label1\" content=\"Dur\u00e9e de lecture estim\u00e9e\" \/>\n\t<meta name=\"twitter:data1\" content=\"2 minutes\" \/>\n<script type=\"application\/ld+json\" class=\"yoast-schema-graph\">{\"@context\":\"https:\\\/\\\/schema.org\",\"@graph\":[{\"@type\":\"WebPage\",\"@id\":\"https:\\\/\\\/www.band-maid.fr\\\/index.php\\\/bitter-sweet-love\\\/\",\"url\":\"https:\\\/\\\/www.band-maid.fr\\\/index.php\\\/bitter-sweet-love\\\/\",\"name\":\"Bitter Sweet Love - BAND-MAID\",\"isPartOf\":{\"@id\":\"https:\\\/\\\/www.band-maid.fr\\\/#website\"},\"primaryImageOfPage\":{\"@id\":\"https:\\\/\\\/www.band-maid.fr\\\/index.php\\\/bitter-sweet-love\\\/#primaryimage\"},\"image\":{\"@id\":\"https:\\\/\\\/www.band-maid.fr\\\/index.php\\\/bitter-sweet-love\\\/#primaryimage\"},\"thumbnailUrl\":\"https:\\\/\\\/www.band-maid.fr\\\/wp-content\\\/uploads\\\/2026\\\/04\\\/bandeau-engadget.jpg\",\"datePublished\":\"2026-04-11T08:59:28+00:00\",\"dateModified\":\"2026-05-11T16:53:58+00:00\",\"breadcrumb\":{\"@id\":\"https:\\\/\\\/www.band-maid.fr\\\/index.php\\\/bitter-sweet-love\\\/#breadcrumb\"},\"inLanguage\":\"fr-FR\",\"potentialAction\":[{\"@type\":\"ReadAction\",\"target\":[\"https:\\\/\\\/www.band-maid.fr\\\/index.php\\\/bitter-sweet-love\\\/\"]}]},{\"@type\":\"ImageObject\",\"inLanguage\":\"fr-FR\",\"@id\":\"https:\\\/\\\/www.band-maid.fr\\\/index.php\\\/bitter-sweet-love\\\/#primaryimage\",\"url\":\"https:\\\/\\\/www.band-maid.fr\\\/wp-content\\\/uploads\\\/2026\\\/04\\\/bandeau-engadget.jpg\",\"contentUrl\":\"https:\\\/\\\/www.band-maid.fr\\\/wp-content\\\/uploads\\\/2026\\\/04\\\/bandeau-engadget.jpg\",\"width\":1200,\"height\":527},{\"@type\":\"BreadcrumbList\",\"@id\":\"https:\\\/\\\/www.band-maid.fr\\\/index.php\\\/bitter-sweet-love\\\/#breadcrumb\",\"itemListElement\":[{\"@type\":\"ListItem\",\"position\":1,\"name\":\"Accueil\",\"item\":\"https:\\\/\\\/www.band-maid.fr\\\/\"},{\"@type\":\"ListItem\",\"position\":2,\"name\":\"Bitter Sweet Love\"}]},{\"@type\":\"WebSite\",\"@id\":\"https:\\\/\\\/www.band-maid.fr\\\/#website\",\"url\":\"https:\\\/\\\/www.band-maid.fr\\\/\",\"name\":\"BAND-MAID\",\"description\":\"WORLD DOMINATION\",\"publisher\":{\"@id\":\"https:\\\/\\\/www.band-maid.fr\\\/#organization\"},\"potentialAction\":[{\"@type\":\"SearchAction\",\"target\":{\"@type\":\"EntryPoint\",\"urlTemplate\":\"https:\\\/\\\/www.band-maid.fr\\\/?s={search_term_string}\"},\"query-input\":{\"@type\":\"PropertyValueSpecification\",\"valueRequired\":true,\"valueName\":\"search_term_string\"}}],\"inLanguage\":\"fr-FR\"},{\"@type\":\"Organization\",\"@id\":\"https:\\\/\\\/www.band-maid.fr\\\/#organization\",\"name\":\"BAND-MAID\",\"url\":\"https:\\\/\\\/www.band-maid.fr\\\/\",\"logo\":{\"@type\":\"ImageObject\",\"inLanguage\":\"fr-FR\",\"@id\":\"https:\\\/\\\/www.band-maid.fr\\\/#\\\/schema\\\/logo\\\/image\\\/\",\"url\":\"http:\\\/\\\/wglgkdc.cluster121.hosting.ovh.net\\\/wp-content\\\/uploads\\\/2026\\\/01\\\/logo_band-maid_b.png\",\"contentUrl\":\"http:\\\/\\\/wglgkdc.cluster121.hosting.ovh.net\\\/wp-content\\\/uploads\\\/2026\\\/01\\\/logo_band-maid_b.png\",\"width\":540,\"height\":93,\"caption\":\"BAND-MAID\"},\"image\":{\"@id\":\"https:\\\/\\\/www.band-maid.fr\\\/#\\\/schema\\\/logo\\\/image\\\/\"},\"sameAs\":[\"https:\\\/\\\/www.facebook.com\\\/bandmaid\",\"https:\\\/\\\/x.com\\\/bandmaid\",\"https:\\\/\\\/www.instagram.com\\\/bandmaid.jp\\\/\",\"https:\\\/\\\/www.youtube.com\\\/channel\\\/UCJToUvYrmkmTCR-bluEaQfA\",\"https:\\\/\\\/www.tiktok.com\\\/@bandmaid_int\"]}]}<\/script>\n<!-- \/ Yoast SEO plugin. -->","yoast_head_json":{"title":"Bitter Sweet Love - BAND-MAID","robots":{"index":"index","follow":"follow","max-snippet":"max-snippet:-1","max-image-preview":"max-image-preview:large","max-video-preview":"max-video-preview:-1"},"canonical":"https:\/\/www.band-maid.fr\/index.php\/bitter-sweet-love\/","og_locale":"fr_FR","og_type":"article","og_title":"Bitter Sweet Love - BAND-MAID","og_description":"Bitter Sweet Love a la particularit\u00e9 d&rsquo;avoir \u00e9t\u00e9 jou\u00e9e en concert au d\u00e9but de Band-Maid sans jamais avoir \u00e9t\u00e9 enregistr\u00e9e sur un disque.Elle reste myst\u00e9rieuse quant \u00e0 son origine et ses paroles ne sont pas diffus\u00e9es&#8230;La voici au d\u00e9but du concert acoustique enregistr\u00e9 lors de l&rsquo;Engadget Fes 2014 Winter, le 24 novembre 2014. Profitez-en pour &hellip; Lire la suite de\u00ab\u00a0Bitter Sweet Love\u00a0\u00bb","og_url":"https:\/\/www.band-maid.fr\/index.php\/bitter-sweet-love\/","og_site_name":"BAND-MAID","article_publisher":"https:\/\/www.facebook.com\/bandmaid","article_modified_time":"2026-05-11T16:53:58+00:00","og_image":[{"width":1200,"height":527,"url":"https:\/\/www.band-maid.fr\/wp-content\/uploads\/2026\/04\/bandeau-engadget.jpg","type":"image\/jpeg"}],"twitter_card":"summary_large_image","twitter_site":"@bandmaid","twitter_misc":{"Dur\u00e9e de lecture estim\u00e9e":"2 minutes"},"schema":{"@context":"https:\/\/schema.org","@graph":[{"@type":"WebPage","@id":"https:\/\/www.band-maid.fr\/index.php\/bitter-sweet-love\/","url":"https:\/\/www.band-maid.fr\/index.php\/bitter-sweet-love\/","name":"Bitter Sweet Love - BAND-MAID","isPartOf":{"@id":"https:\/\/www.band-maid.fr\/#website"},"primaryImageOfPage":{"@id":"https:\/\/www.band-maid.fr\/index.php\/bitter-sweet-love\/#primaryimage"},"image":{"@id":"https:\/\/www.band-maid.fr\/index.php\/bitter-sweet-love\/#primaryimage"},"thumbnailUrl":"https:\/\/www.band-maid.fr\/wp-content\/uploads\/2026\/04\/bandeau-engadget.jpg","datePublished":"2026-04-11T08:59:28+00:00","dateModified":"2026-05-11T16:53:58+00:00","breadcrumb":{"@id":"https:\/\/www.band-maid.fr\/index.php\/bitter-sweet-love\/#breadcrumb"},"inLanguage":"fr-FR","potentialAction":[{"@type":"ReadAction","target":["https:\/\/www.band-maid.fr\/index.php\/bitter-sweet-love\/"]}]},{"@type":"ImageObject","inLanguage":"fr-FR","@id":"https:\/\/www.band-maid.fr\/index.php\/bitter-sweet-love\/#primaryimage","url":"https:\/\/www.band-maid.fr\/wp-content\/uploads\/2026\/04\/bandeau-engadget.jpg","contentUrl":"https:\/\/www.band-maid.fr\/wp-content\/uploads\/2026\/04\/bandeau-engadget.jpg","width":1200,"height":527},{"@type":"BreadcrumbList","@id":"https:\/\/www.band-maid.fr\/index.php\/bitter-sweet-love\/#breadcrumb","itemListElement":[{"@type":"ListItem","position":1,"name":"Accueil","item":"https:\/\/www.band-maid.fr\/"},{"@type":"ListItem","position":2,"name":"Bitter Sweet Love"}]},{"@type":"WebSite","@id":"https:\/\/www.band-maid.fr\/#website","url":"https:\/\/www.band-maid.fr\/","name":"BAND-MAID","description":"WORLD DOMINATION","publisher":{"@id":"https:\/\/www.band-maid.fr\/#organization"},"potentialAction":[{"@type":"SearchAction","target":{"@type":"EntryPoint","urlTemplate":"https:\/\/www.band-maid.fr\/?s={search_term_string}"},"query-input":{"@type":"PropertyValueSpecification","valueRequired":true,"valueName":"search_term_string"}}],"inLanguage":"fr-FR"},{"@type":"Organization","@id":"https:\/\/www.band-maid.fr\/#organization","name":"BAND-MAID","url":"https:\/\/www.band-maid.fr\/","logo":{"@type":"ImageObject","inLanguage":"fr-FR","@id":"https:\/\/www.band-maid.fr\/#\/schema\/logo\/image\/","url":"http:\/\/wglgkdc.cluster121.hosting.ovh.net\/wp-content\/uploads\/2026\/01\/logo_band-maid_b.png","contentUrl":"http:\/\/wglgkdc.cluster121.hosting.ovh.net\/wp-content\/uploads\/2026\/01\/logo_band-maid_b.png","width":540,"height":93,"caption":"BAND-MAID"},"image":{"@id":"https:\/\/www.band-maid.fr\/#\/schema\/logo\/image\/"},"sameAs":["https:\/\/www.facebook.com\/bandmaid","https:\/\/x.com\/bandmaid","https:\/\/www.instagram.com\/bandmaid.jp\/","https:\/\/www.youtube.com\/channel\/UCJToUvYrmkmTCR-bluEaQfA","https:\/\/www.tiktok.com\/@bandmaid_int"]}]}},"coauthors":[],"author_meta":{"author_link":"https:\/\/www.band-maid.fr\/index.php\/author\/admin8693\/","display_name":"LJB"},"relative_dates":{"created":"Publi\u00e9 1 mois il y a","modified":"Mis \u00e0 jour 2 jours il y a"},"absolute_dates":{"created":"Publi\u00e9 le 11\/04\/2026","modified":"Mise \u00e0 jour le 11\/05\/2026"},"absolute_dates_time":{"created":"Publi\u00e9 le 11\/04\/2026 8h59","modified":"Mise \u00e0 jour le 11\/05\/2026 16h53"},"featured_img_caption":"","featured_img":"https:\/\/www.band-maid.fr\/wp-content\/uploads\/2026\/04\/bandeau-engadget.jpg","series_order":"","featured_media_urls":{"thumbnail":["https:\/\/www.band-maid.fr\/wp-content\/uploads\/2026\/04\/bandeau-engadget-150x150.jpg",150,150,true],"medium":["https:\/\/www.band-maid.fr\/wp-content\/uploads\/2026\/04\/bandeau-engadget-300x132.jpg",300,132,true],"medium_large":["https:\/\/www.band-maid.fr\/wp-content\/uploads\/2026\/04\/bandeau-engadget.jpg",768,337,false],"large":["https:\/\/www.band-maid.fr\/wp-content\/uploads\/2026\/04\/bandeau-engadget-1024x450.jpg",950,417,true],"1536x1536":["https:\/\/www.band-maid.fr\/wp-content\/uploads\/2026\/04\/bandeau-engadget.jpg",1200,527,false],"2048x2048":["https:\/\/www.band-maid.fr\/wp-content\/uploads\/2026\/04\/bandeau-engadget.jpg",1200,527,false],"inspiro-featured-image":["https:\/\/www.band-maid.fr\/wp-content\/uploads\/2026\/04\/bandeau-engadget.jpg",1200,527,false],"inspiro-loop":["https:\/\/www.band-maid.fr\/wp-content\/uploads\/2026\/04\/bandeau-engadget-950x320.jpg",950,320,true],"inspiro-loop@2x":["https:\/\/www.band-maid.fr\/wp-content\/uploads\/2026\/04\/bandeau-engadget.jpg",1200,527,false],"portfolio_item-thumbnail":["https:\/\/www.band-maid.fr\/wp-content\/uploads\/2026\/04\/bandeau-engadget-600x400.jpg",600,400,true],"portfolio_item-thumbnail@2x":["https:\/\/www.band-maid.fr\/wp-content\/uploads\/2026\/04\/bandeau-engadget.jpg",1200,527,false],"portfolio_item-masonry":["https:\/\/www.band-maid.fr\/wp-content\/uploads\/2026\/04\/bandeau-engadget-600x264.jpg",600,264,true],"portfolio_item-masonry@2x":["https:\/\/www.band-maid.fr\/wp-content\/uploads\/2026\/04\/bandeau-engadget.jpg",1200,527,false],"portfolio_item-thumbnail_cinema":["https:\/\/www.band-maid.fr\/wp-content\/uploads\/2026\/04\/bandeau-engadget-800x335.jpg",800,335,true],"portfolio_item-thumbnail_portrait":["https:\/\/www.band-maid.fr\/wp-content\/uploads\/2026\/04\/bandeau-engadget-600x527.jpg",600,527,true],"portfolio_item-thumbnail_portrait@2x":["https:\/\/www.band-maid.fr\/wp-content\/uploads\/2026\/04\/bandeau-engadget.jpg",1200,527,false],"portfolio_item-thumbnail_square":["https:\/\/www.band-maid.fr\/wp-content\/uploads\/2026\/04\/bandeau-engadget-800x527.jpg",800,527,true]},"_links":{"self":[{"href":"https:\/\/www.band-maid.fr\/index.php\/wp-json\/wp\/v2\/pages\/9793","targetHints":{"allow":["GET"]}}],"collection":[{"href":"https:\/\/www.band-maid.fr\/index.php\/wp-json\/wp\/v2\/pages"}],"about":[{"href":"https:\/\/www.band-maid.fr\/index.php\/wp-json\/wp\/v2\/types\/page"}],"author":[{"embeddable":true,"href":"https:\/\/www.band-maid.fr\/index.php\/wp-json\/wp\/v2\/users\/1"}],"replies":[{"embeddable":true,"href":"https:\/\/www.band-maid.fr\/index.php\/wp-json\/wp\/v2\/comments?post=9793"}],"version-history":[{"count":3,"href":"https:\/\/www.band-maid.fr\/index.php\/wp-json\/wp\/v2\/pages\/9793\/revisions"}],"predecessor-version":[{"id":10605,"href":"https:\/\/www.band-maid.fr\/index.php\/wp-json\/wp\/v2\/pages\/9793\/revisions\/10605"}],"wp:featuredmedia":[{"embeddable":true,"href":"https:\/\/www.band-maid.fr\/index.php\/wp-json\/wp\/v2\/media\/9796"}],"wp:attachment":[{"href":"https:\/\/www.band-maid.fr\/index.php\/wp-json\/wp\/v2\/media?parent=9793"}],"curies":[{"name":"wp","href":"https:\/\/api.w.org\/{rel}","templated":true}]}}