{"id":9208,"date":"2026-04-02T17:53:53","date_gmt":"2026-04-02T17:53:53","guid":{"rendered":"https:\/\/www.band-maid.fr\/?page_id=9208"},"modified":"2026-05-05T16:41:34","modified_gmt":"2026-05-05T16:41:34","slug":"without-holding-back","status":"publish","type":"page","link":"https:\/\/www.band-maid.fr\/index.php\/without-holding-back\/","title":{"rendered":"Without Holding Back"},"content":{"rendered":"\n<p><\/p>\n\n\n\n<figure class=\"wp-block-image aligncenter size-large\"><img fetchpriority=\"high\" decoding=\"async\" width=\"1024\" height=\"78\" src=\"https:\/\/www.band-maid.fr\/wp-content\/uploads\/2026\/02\/bande-noire-1024x78.jpg\" alt=\"\" class=\"wp-image-8482\" srcset=\"https:\/\/www.band-maid.fr\/wp-content\/uploads\/2026\/02\/bande-noire-1024x78.jpg 1024w, https:\/\/www.band-maid.fr\/wp-content\/uploads\/2026\/02\/bande-noire-300x23.jpg 300w, https:\/\/www.band-maid.fr\/wp-content\/uploads\/2026\/02\/bande-noire.jpg 1280w\" sizes=\"(max-width: 1024px) 100vw, 1024px\" \/><\/figure>\n\n\n\n<figure class=\"wp-block-embed is-type-video is-provider-youtube wp-block-embed-youtube wp-embed-aspect-16-9 wp-has-aspect-ratio\"><div class=\"wp-block-embed__wrapper\">\n<iframe title=\"BAND-MAID \/ without holding back (Official Live Video)\" width=\"950\" height=\"534\" src=\"https:\/\/www.youtube.com\/embed\/oWQpbAmfZLE?feature=oembed\" frameborder=\"0\" allow=\"accelerometer; autoplay; clipboard-write; encrypted-media; gyroscope; picture-in-picture; web-share\" referrerpolicy=\"strict-origin-when-cross-origin\" allowfullscreen><\/iframe>\n<\/div><\/figure>\n\n\n\n<figure class=\"wp-block-image aligncenter size-large\"><img fetchpriority=\"high\" decoding=\"async\" width=\"1024\" height=\"78\" src=\"https:\/\/www.band-maid.fr\/wp-content\/uploads\/2026\/02\/bande-noire-1024x78.jpg\" alt=\"\" class=\"wp-image-8482\" srcset=\"https:\/\/www.band-maid.fr\/wp-content\/uploads\/2026\/02\/bande-noire-1024x78.jpg 1024w, https:\/\/www.band-maid.fr\/wp-content\/uploads\/2026\/02\/bande-noire-300x23.jpg 300w, https:\/\/www.band-maid.fr\/wp-content\/uploads\/2026\/02\/bande-noire.jpg 1280w\" sizes=\"(max-width: 1024px) 100vw, 1024px\" \/><\/figure>\n\n\n\n<p><br>Musique: <strong>Band-Maid<\/strong><br>Album :<strong>Unlseen World<\/strong> (13 janvier 2021)<\/p>\n\n\n\n<figure class=\"wp-block-image aligncenter size-large\"><img fetchpriority=\"high\" decoding=\"async\" width=\"1024\" height=\"78\" src=\"https:\/\/www.band-maid.fr\/wp-content\/uploads\/2026\/02\/bande-noire-1024x78.jpg\" alt=\"\" class=\"wp-image-8482\" srcset=\"https:\/\/www.band-maid.fr\/wp-content\/uploads\/2026\/02\/bande-noire-1024x78.jpg 1024w, https:\/\/www.band-maid.fr\/wp-content\/uploads\/2026\/02\/bande-noire-300x23.jpg 300w, https:\/\/www.band-maid.fr\/wp-content\/uploads\/2026\/02\/bande-noire.jpg 1280w\" sizes=\"(max-width: 1024px) 100vw, 1024px\" \/><\/figure>\n\n\n\n<h2 class=\"wp-block-heading\">Notes et citations (Band-Maid Songs Encyclopedia)<\/h2>\n\n\n\n<p>Piste audio instrumentale sur l&rsquo;\u00e9dition standard, vid\u00e9o sur les \u00e9ditions limit\u00e9es <\/p>\n\n\n\n<figure class=\"wp-block-image aligncenter size-large\"><img fetchpriority=\"high\" decoding=\"async\" width=\"1024\" height=\"78\" src=\"https:\/\/www.band-maid.fr\/wp-content\/uploads\/2026\/02\/bande-noire-1024x78.jpg\" alt=\"\" class=\"wp-image-8482\" srcset=\"https:\/\/www.band-maid.fr\/wp-content\/uploads\/2026\/02\/bande-noire-1024x78.jpg 1024w, https:\/\/www.band-maid.fr\/wp-content\/uploads\/2026\/02\/bande-noire-300x23.jpg 300w, https:\/\/www.band-maid.fr\/wp-content\/uploads\/2026\/02\/bande-noire.jpg 1280w\" sizes=\"(max-width: 1024px) 100vw, 1024px\" \/><\/figure>\n\n\n\n<p>La chanson \u00ab Without Holding Back \u00bb, incluse dans l&rsquo;\u00e9dition standard du nouvel album \u00ab Unseen World \u00bb, sera l&rsquo;hymne officiel de la Comp\u00e9tition universitaire japonaise d&rsquo;e-sport ! La chanson sera diffus\u00e9e \u00e0 tout moment pendant la \u00ab Rainbow Six Siege University Competition powered by AORUS\/NVIDIA 2nd Season \u00bb, qui se d\u00e9roule actuellement, \u00e0 partir des qualifications le dimanche 31 janvier.<\/p>\n\n\n\n<figure class=\"wp-block-image aligncenter size-large\"><img fetchpriority=\"high\" decoding=\"async\" width=\"1024\" height=\"78\" src=\"https:\/\/www.band-maid.fr\/wp-content\/uploads\/2026\/02\/bande-noire-1024x78.jpg\" alt=\"\" class=\"wp-image-8482\" srcset=\"https:\/\/www.band-maid.fr\/wp-content\/uploads\/2026\/02\/bande-noire-1024x78.jpg 1024w, https:\/\/www.band-maid.fr\/wp-content\/uploads\/2026\/02\/bande-noire-300x23.jpg 300w, https:\/\/www.band-maid.fr\/wp-content\/uploads\/2026\/02\/bande-noire.jpg 1280w\" sizes=\"(max-width: 1024px) 100vw, 1024px\" \/><\/figure>\n\n\n\n<div class=\"wp-block-advgb-columns advgb-columns-wrapper\" id=\"advgb-cols-73ff207f-07c4-46db-86fd-137b8ec1eb6f\"><div class=\"advgb-columns-container\"><div class=\"advgb-columns advgb-columns-row advgb-is-mobile advgb-columns-2 layout-12-12 mbl-layout-stacked vgutter-10\">\n<div class=\"wp-block-advgb-column advgb-column\" id=\"advgb-col-6304eab3-5e96-437c-8422-d78b2802ebfc\"><div class=\"advgb-column-inner\" style=\"border-style:none;border-width:1px\">\n<div class=\"wp-block-advgb-button alignnone\"><a class=\"wp-block-advgb-button_link advgbbtn-8242fad8-04d6-4c24-b542-0c70b0f2958f\" href=\"https:\/\/www.band-maid.fr\/index.php\/unseen-world\/\" target=\"_self\" rel=\"noopener noreferrer\"><span>Unseen World<\/span><\/a><\/div>\n<\/div><\/div>\n\n\n\n<div class=\"wp-block-advgb-column advgb-column\" id=\"advgb-col-5e03a735-fa44-481b-834a-2a6a96178893\"><div class=\"advgb-column-inner\" style=\"border-style:none;border-width:1px\">\n<div class=\"wp-block-advgb-button alignnone\"><a class=\"wp-block-advgb-button_link advgbbtn-f22d64f3-36a3-443b-a767-ca70f51036c8\" href=\"https:\/\/www.band-maid.fr\/index.php\/discographie-de-band-maid\/\" target=\"_self\" rel=\"noopener noreferrer\"><span>Discographie<\/span><\/a><\/div>\n<\/div><\/div>\n<\/div><\/div><\/div>\n\n\n\n<figure class=\"wp-block-image aligncenter size-large\"><img fetchpriority=\"high\" decoding=\"async\" width=\"1024\" height=\"78\" src=\"https:\/\/www.band-maid.fr\/wp-content\/uploads\/2026\/02\/bande-noire-1024x78.jpg\" alt=\"\" class=\"wp-image-8482\" srcset=\"https:\/\/www.band-maid.fr\/wp-content\/uploads\/2026\/02\/bande-noire-1024x78.jpg 1024w, https:\/\/www.band-maid.fr\/wp-content\/uploads\/2026\/02\/bande-noire-300x23.jpg 300w, https:\/\/www.band-maid.fr\/wp-content\/uploads\/2026\/02\/bande-noire.jpg 1280w\" sizes=\"(max-width: 1024px) 100vw, 1024px\" \/><\/figure>\n\n\n\n<p><\/p>\n<style class=\"advgb-styles-renderer\">.advgbbtn-8242fad8-04d6-4c24-b542-0c70b0f2958f{font-size:18px;color:#fff !important;background-color:#2196f3 !important;margin:0px 0px 0px 0px !important;padding:10px 30px 10px 30px;border-width:1px !important;border-style:none;border-radius:50px !important;}.advgbbtn-8242fad8-04d6-4c24-b542-0c70b0f2958f:hover{box-shadow:1px 1px 12px 0px #ccc;opacity:1;transition:all 0.2s ease;}.advgbbtn-8242fad8-04d6-4c24-b542-0c70b0f2958f > i {display: none !important;}#advgb-col-6304eab3-5e96-437c-8422-d78b2802ebfc>.advgb-column-inner{}@media screen and (max-width: 1023px) {#advgb-col-6304eab3-5e96-437c-8422-d78b2802ebfc>.advgb-column-inner{}}@media screen and (max-width: 767px) {#advgb-col-6304eab3-5e96-437c-8422-d78b2802ebfc>.advgb-column-inner{}}.advgbbtn-8242fad8-04d6-4c24-b542-0c70b0f2958f{font-size:18px;color:#fff !important;background-color:#2196f3 !important;margin:0px 0px 0px 0px !important;padding:10px 30px 10px 30px;border-width:1px !important;border-style:none;border-radius:50px !important;}.advgbbtn-8242fad8-04d6-4c24-b542-0c70b0f2958f:hover{box-shadow:1px 1px 12px 0px #ccc;opacity:1;transition:all 0.2s ease;}.advgbbtn-8242fad8-04d6-4c24-b542-0c70b0f2958f > i {display: none !important;}.advgbbtn-f22d64f3-36a3-443b-a767-ca70f51036c8{font-size:18px;color:#fff !important;background-color:#2196f3 !important;margin:0px 0px 0px 0px !important;padding:10px 30px 10px 30px;border-width:1px !important;border-style:none;border-radius:50px !important;}.advgbbtn-f22d64f3-36a3-443b-a767-ca70f51036c8:hover{box-shadow:1px 1px 12px 0px #ccc;opacity:1;transition:all 0.2s ease;}.advgbbtn-f22d64f3-36a3-443b-a767-ca70f51036c8 > i {display: none !important;}#advgb-col-5e03a735-fa44-481b-834a-2a6a96178893>.advgb-column-inner{text-align:right;}@media screen and (max-width: 1023px) {#advgb-col-5e03a735-fa44-481b-834a-2a6a96178893>.advgb-column-inner{}}@media screen and (max-width: 767px) {#advgb-col-5e03a735-fa44-481b-834a-2a6a96178893>.advgb-column-inner{}}.advgbbtn-f22d64f3-36a3-443b-a767-ca70f51036c8{font-size:18px;color:#fff !important;background-color:#2196f3 !important;margin:0px 0px 0px 0px !important;padding:10px 30px 10px 30px;border-width:1px !important;border-style:none;border-radius:50px !important;}.advgbbtn-f22d64f3-36a3-443b-a767-ca70f51036c8:hover{box-shadow:1px 1px 12px 0px #ccc;opacity:1;transition:all 0.2s ease;}.advgbbtn-f22d64f3-36a3-443b-a767-ca70f51036c8 > i {display: none !important;}#advgb-cols-73ff207f-07c4-46db-86fd-137b8ec1eb6f{}@media screen and (max-width: 1023px) {#advgb-cols-73ff207f-07c4-46db-86fd-137b8ec1eb6f{}}@media screen and (max-width: 767px) {#advgb-cols-73ff207f-07c4-46db-86fd-137b8ec1eb6f{}}#advgb-col-6304eab3-5e96-437c-8422-d78b2802ebfc>.advgb-column-inner{}@media screen and (max-width: 1023px) {#advgb-col-6304eab3-5e96-437c-8422-d78b2802ebfc>.advgb-column-inner{}}@media screen and (max-width: 767px) {#advgb-col-6304eab3-5e96-437c-8422-d78b2802ebfc>.advgb-column-inner{}}.advgbbtn-8242fad8-04d6-4c24-b542-0c70b0f2958f{font-size:18px;color:#fff !important;background-color:#2196f3 !important;margin:0px 0px 0px 0px !important;padding:10px 30px 10px 30px;border-width:1px !important;border-style:none;border-radius:50px !important;}.advgbbtn-8242fad8-04d6-4c24-b542-0c70b0f2958f:hover{box-shadow:1px 1px 12px 0px #ccc;opacity:1;transition:all 0.2s ease;}.advgbbtn-8242fad8-04d6-4c24-b542-0c70b0f2958f > i {display: none !important;}#advgb-col-5e03a735-fa44-481b-834a-2a6a96178893>.advgb-column-inner{text-align:right;}@media screen and (max-width: 1023px) {#advgb-col-5e03a735-fa44-481b-834a-2a6a96178893>.advgb-column-inner{}}@media screen and (max-width: 767px) {#advgb-col-5e03a735-fa44-481b-834a-2a6a96178893>.advgb-column-inner{}}.advgbbtn-f22d64f3-36a3-443b-a767-ca70f51036c8{font-size:18px;color:#fff !important;background-color:#2196f3 !important;margin:0px 0px 0px 0px !important;padding:10px 30px 10px 30px;border-width:1px !important;border-style:none;border-radius:50px !important;}.advgbbtn-f22d64f3-36a3-443b-a767-ca70f51036c8:hover{box-shadow:1px 1px 12px 0px #ccc;opacity:1;transition:all 0.2s ease;}.advgbbtn-f22d64f3-36a3-443b-a767-ca70f51036c8 > i {display: none !important;}<\/style>","protected":false},"excerpt":{"rendered":"<p>Musique: Band-MaidAlbum :Unlseen World (13 janvier 2021) Notes et citations (Band-Maid Songs Encyclopedia) Piste audio instrumentale sur l&rsquo;\u00e9dition standard, vid\u00e9o sur les \u00e9ditions limit\u00e9es La chanson \u00ab Without Holding Back \u00bb, incluse dans l&rsquo;\u00e9dition standard du nouvel album \u00ab Unseen World \u00bb, sera l&rsquo;hymne officiel de la Comp\u00e9tition universitaire japonaise d&rsquo;e-sport ! La chanson sera &hellip; <\/p>\n<p class=\"link-more\"><a href=\"https:\/\/www.band-maid.fr\/index.php\/without-holding-back\/\" class=\"more-link\">Lire la suite de<span class=\"screen-reader-text\">\u00ab\u00a0Without Holding Back\u00a0\u00bb<\/span><\/a><\/p>\n","protected":false},"author":1,"featured_media":9170,"parent":0,"menu_order":0,"comment_status":"closed","ping_status":"closed","template":"","meta":{"advgb_blocks_editor_width":"","advgb_blocks_columns_visual_guide":"","footnotes":""},"class_list":["post-9208","page","type-page","status-publish","has-post-thumbnail","hentry"],"yoast_head":"<!-- This site is optimized with the Yoast SEO plugin v27.6 - https:\/\/yoast.com\/product\/yoast-seo-wordpress\/ -->\n<title>Without Holding Back - BAND-MAID<\/title>\n<meta name=\"robots\" content=\"index, follow, max-snippet:-1, max-image-preview:large, max-video-preview:-1\" \/>\n<link rel=\"canonical\" href=\"https:\/\/www.band-maid.fr\/index.php\/without-holding-back\/\" \/>\n<meta property=\"og:locale\" content=\"fr_FR\" \/>\n<meta property=\"og:type\" content=\"article\" \/>\n<meta property=\"og:title\" content=\"Without Holding Back - BAND-MAID\" \/>\n<meta property=\"og:description\" content=\"Musique: Band-MaidAlbum :Unlseen World (13 janvier 2021) Notes et citations (Band-Maid Songs Encyclopedia) Piste audio instrumentale sur l&rsquo;\u00e9dition standard, vid\u00e9o sur les \u00e9ditions limit\u00e9es La chanson \u00ab Without Holding Back \u00bb, incluse dans l&rsquo;\u00e9dition standard du nouvel album \u00ab Unseen World \u00bb, sera l&rsquo;hymne officiel de la Comp\u00e9tition universitaire japonaise d&rsquo;e-sport ! La chanson sera &hellip; Lire la suite de\u00ab\u00a0Without Holding Back\u00a0\u00bb\" \/>\n<meta property=\"og:url\" content=\"https:\/\/www.band-maid.fr\/index.php\/without-holding-back\/\" \/>\n<meta property=\"og:site_name\" content=\"BAND-MAID\" \/>\n<meta property=\"article:publisher\" content=\"https:\/\/www.facebook.com\/bandmaid\" \/>\n<meta property=\"article:modified_time\" content=\"2026-05-05T16:41:34+00:00\" \/>\n<meta property=\"og:image\" content=\"https:\/\/www.band-maid.fr\/wp-content\/uploads\/2026\/04\/bandeau-Unseen-World2.jpg\" \/>\n\t<meta property=\"og:image:width\" content=\"1200\" \/>\n\t<meta property=\"og:image:height\" content=\"1200\" \/>\n\t<meta property=\"og:image:type\" content=\"image\/jpeg\" \/>\n<meta name=\"twitter:card\" content=\"summary_large_image\" \/>\n<meta name=\"twitter:site\" content=\"@bandmaid\" \/>\n<meta name=\"twitter:label1\" content=\"Dur\u00e9e de lecture estim\u00e9e\" \/>\n\t<meta name=\"twitter:data1\" content=\"2 minutes\" \/>\n<script type=\"application\/ld+json\" class=\"yoast-schema-graph\">{\"@context\":\"https:\\\/\\\/schema.org\",\"@graph\":[{\"@type\":\"WebPage\",\"@id\":\"https:\\\/\\\/www.band-maid.fr\\\/index.php\\\/without-holding-back\\\/\",\"url\":\"https:\\\/\\\/www.band-maid.fr\\\/index.php\\\/without-holding-back\\\/\",\"name\":\"Without Holding Back - BAND-MAID\",\"isPartOf\":{\"@id\":\"https:\\\/\\\/www.band-maid.fr\\\/#website\"},\"primaryImageOfPage\":{\"@id\":\"https:\\\/\\\/www.band-maid.fr\\\/index.php\\\/without-holding-back\\\/#primaryimage\"},\"image\":{\"@id\":\"https:\\\/\\\/www.band-maid.fr\\\/index.php\\\/without-holding-back\\\/#primaryimage\"},\"thumbnailUrl\":\"https:\\\/\\\/www.band-maid.fr\\\/wp-content\\\/uploads\\\/2026\\\/04\\\/bandeau-Unseen-World2.jpg\",\"datePublished\":\"2026-04-02T17:53:53+00:00\",\"dateModified\":\"2026-05-05T16:41:34+00:00\",\"breadcrumb\":{\"@id\":\"https:\\\/\\\/www.band-maid.fr\\\/index.php\\\/without-holding-back\\\/#breadcrumb\"},\"inLanguage\":\"fr-FR\",\"potentialAction\":[{\"@type\":\"ReadAction\",\"target\":[\"https:\\\/\\\/www.band-maid.fr\\\/index.php\\\/without-holding-back\\\/\"]}]},{\"@type\":\"ImageObject\",\"inLanguage\":\"fr-FR\",\"@id\":\"https:\\\/\\\/www.band-maid.fr\\\/index.php\\\/without-holding-back\\\/#primaryimage\",\"url\":\"https:\\\/\\\/www.band-maid.fr\\\/wp-content\\\/uploads\\\/2026\\\/04\\\/bandeau-Unseen-World2.jpg\",\"contentUrl\":\"https:\\\/\\\/www.band-maid.fr\\\/wp-content\\\/uploads\\\/2026\\\/04\\\/bandeau-Unseen-World2.jpg\",\"width\":1200,\"height\":1200},{\"@type\":\"BreadcrumbList\",\"@id\":\"https:\\\/\\\/www.band-maid.fr\\\/index.php\\\/without-holding-back\\\/#breadcrumb\",\"itemListElement\":[{\"@type\":\"ListItem\",\"position\":1,\"name\":\"Accueil\",\"item\":\"https:\\\/\\\/www.band-maid.fr\\\/\"},{\"@type\":\"ListItem\",\"position\":2,\"name\":\"Without Holding Back\"}]},{\"@type\":\"WebSite\",\"@id\":\"https:\\\/\\\/www.band-maid.fr\\\/#website\",\"url\":\"https:\\\/\\\/www.band-maid.fr\\\/\",\"name\":\"BAND-MAID\",\"description\":\"WORLD DOMINATION\",\"publisher\":{\"@id\":\"https:\\\/\\\/www.band-maid.fr\\\/#organization\"},\"potentialAction\":[{\"@type\":\"SearchAction\",\"target\":{\"@type\":\"EntryPoint\",\"urlTemplate\":\"https:\\\/\\\/www.band-maid.fr\\\/?s={search_term_string}\"},\"query-input\":{\"@type\":\"PropertyValueSpecification\",\"valueRequired\":true,\"valueName\":\"search_term_string\"}}],\"inLanguage\":\"fr-FR\"},{\"@type\":\"Organization\",\"@id\":\"https:\\\/\\\/www.band-maid.fr\\\/#organization\",\"name\":\"BAND-MAID\",\"url\":\"https:\\\/\\\/www.band-maid.fr\\\/\",\"logo\":{\"@type\":\"ImageObject\",\"inLanguage\":\"fr-FR\",\"@id\":\"https:\\\/\\\/www.band-maid.fr\\\/#\\\/schema\\\/logo\\\/image\\\/\",\"url\":\"http:\\\/\\\/wglgkdc.cluster121.hosting.ovh.net\\\/wp-content\\\/uploads\\\/2026\\\/01\\\/logo_band-maid_b.png\",\"contentUrl\":\"http:\\\/\\\/wglgkdc.cluster121.hosting.ovh.net\\\/wp-content\\\/uploads\\\/2026\\\/01\\\/logo_band-maid_b.png\",\"width\":540,\"height\":93,\"caption\":\"BAND-MAID\"},\"image\":{\"@id\":\"https:\\\/\\\/www.band-maid.fr\\\/#\\\/schema\\\/logo\\\/image\\\/\"},\"sameAs\":[\"https:\\\/\\\/www.facebook.com\\\/bandmaid\",\"https:\\\/\\\/x.com\\\/bandmaid\",\"https:\\\/\\\/www.instagram.com\\\/bandmaid.jp\\\/\",\"https:\\\/\\\/www.youtube.com\\\/channel\\\/UCJToUvYrmkmTCR-bluEaQfA\",\"https:\\\/\\\/www.tiktok.com\\\/@bandmaid_int\"]}]}<\/script>\n<!-- \/ Yoast SEO plugin. -->","yoast_head_json":{"title":"Without Holding Back - BAND-MAID","robots":{"index":"index","follow":"follow","max-snippet":"max-snippet:-1","max-image-preview":"max-image-preview:large","max-video-preview":"max-video-preview:-1"},"canonical":"https:\/\/www.band-maid.fr\/index.php\/without-holding-back\/","og_locale":"fr_FR","og_type":"article","og_title":"Without Holding Back - BAND-MAID","og_description":"Musique: Band-MaidAlbum :Unlseen World (13 janvier 2021) Notes et citations (Band-Maid Songs Encyclopedia) Piste audio instrumentale sur l&rsquo;\u00e9dition standard, vid\u00e9o sur les \u00e9ditions limit\u00e9es La chanson \u00ab Without Holding Back \u00bb, incluse dans l&rsquo;\u00e9dition standard du nouvel album \u00ab Unseen World \u00bb, sera l&rsquo;hymne officiel de la Comp\u00e9tition universitaire japonaise d&rsquo;e-sport ! La chanson sera &hellip; Lire la suite de\u00ab\u00a0Without Holding Back\u00a0\u00bb","og_url":"https:\/\/www.band-maid.fr\/index.php\/without-holding-back\/","og_site_name":"BAND-MAID","article_publisher":"https:\/\/www.facebook.com\/bandmaid","article_modified_time":"2026-05-05T16:41:34+00:00","og_image":[{"width":1200,"height":1200,"url":"https:\/\/www.band-maid.fr\/wp-content\/uploads\/2026\/04\/bandeau-Unseen-World2.jpg","type":"image\/jpeg"}],"twitter_card":"summary_large_image","twitter_site":"@bandmaid","twitter_misc":{"Dur\u00e9e de lecture estim\u00e9e":"2 minutes"},"schema":{"@context":"https:\/\/schema.org","@graph":[{"@type":"WebPage","@id":"https:\/\/www.band-maid.fr\/index.php\/without-holding-back\/","url":"https:\/\/www.band-maid.fr\/index.php\/without-holding-back\/","name":"Without Holding Back - BAND-MAID","isPartOf":{"@id":"https:\/\/www.band-maid.fr\/#website"},"primaryImageOfPage":{"@id":"https:\/\/www.band-maid.fr\/index.php\/without-holding-back\/#primaryimage"},"image":{"@id":"https:\/\/www.band-maid.fr\/index.php\/without-holding-back\/#primaryimage"},"thumbnailUrl":"https:\/\/www.band-maid.fr\/wp-content\/uploads\/2026\/04\/bandeau-Unseen-World2.jpg","datePublished":"2026-04-02T17:53:53+00:00","dateModified":"2026-05-05T16:41:34+00:00","breadcrumb":{"@id":"https:\/\/www.band-maid.fr\/index.php\/without-holding-back\/#breadcrumb"},"inLanguage":"fr-FR","potentialAction":[{"@type":"ReadAction","target":["https:\/\/www.band-maid.fr\/index.php\/without-holding-back\/"]}]},{"@type":"ImageObject","inLanguage":"fr-FR","@id":"https:\/\/www.band-maid.fr\/index.php\/without-holding-back\/#primaryimage","url":"https:\/\/www.band-maid.fr\/wp-content\/uploads\/2026\/04\/bandeau-Unseen-World2.jpg","contentUrl":"https:\/\/www.band-maid.fr\/wp-content\/uploads\/2026\/04\/bandeau-Unseen-World2.jpg","width":1200,"height":1200},{"@type":"BreadcrumbList","@id":"https:\/\/www.band-maid.fr\/index.php\/without-holding-back\/#breadcrumb","itemListElement":[{"@type":"ListItem","position":1,"name":"Accueil","item":"https:\/\/www.band-maid.fr\/"},{"@type":"ListItem","position":2,"name":"Without Holding Back"}]},{"@type":"WebSite","@id":"https:\/\/www.band-maid.fr\/#website","url":"https:\/\/www.band-maid.fr\/","name":"BAND-MAID","description":"WORLD DOMINATION","publisher":{"@id":"https:\/\/www.band-maid.fr\/#organization"},"potentialAction":[{"@type":"SearchAction","target":{"@type":"EntryPoint","urlTemplate":"https:\/\/www.band-maid.fr\/?s={search_term_string}"},"query-input":{"@type":"PropertyValueSpecification","valueRequired":true,"valueName":"search_term_string"}}],"inLanguage":"fr-FR"},{"@type":"Organization","@id":"https:\/\/www.band-maid.fr\/#organization","name":"BAND-MAID","url":"https:\/\/www.band-maid.fr\/","logo":{"@type":"ImageObject","inLanguage":"fr-FR","@id":"https:\/\/www.band-maid.fr\/#\/schema\/logo\/image\/","url":"http:\/\/wglgkdc.cluster121.hosting.ovh.net\/wp-content\/uploads\/2026\/01\/logo_band-maid_b.png","contentUrl":"http:\/\/wglgkdc.cluster121.hosting.ovh.net\/wp-content\/uploads\/2026\/01\/logo_band-maid_b.png","width":540,"height":93,"caption":"BAND-MAID"},"image":{"@id":"https:\/\/www.band-maid.fr\/#\/schema\/logo\/image\/"},"sameAs":["https:\/\/www.facebook.com\/bandmaid","https:\/\/x.com\/bandmaid","https:\/\/www.instagram.com\/bandmaid.jp\/","https:\/\/www.youtube.com\/channel\/UCJToUvYrmkmTCR-bluEaQfA","https:\/\/www.tiktok.com\/@bandmaid_int"]}]}},"coauthors":[],"author_meta":{"author_link":"https:\/\/www.band-maid.fr\/index.php\/author\/admin8693\/","display_name":"LJB"},"relative_dates":{"created":"Publi\u00e9 1 mois il y a","modified":"Mis \u00e0 jour 1 semaine il y a"},"absolute_dates":{"created":"Publi\u00e9 le 02\/04\/2026","modified":"Mise \u00e0 jour le 05\/05\/2026"},"absolute_dates_time":{"created":"Publi\u00e9 le 02\/04\/2026 17h53","modified":"Mise \u00e0 jour le 05\/05\/2026 16h41"},"featured_img_caption":"","featured_img":"https:\/\/www.band-maid.fr\/wp-content\/uploads\/2026\/04\/bandeau-Unseen-World2.jpg","series_order":"","featured_media_urls":{"thumbnail":["https:\/\/www.band-maid.fr\/wp-content\/uploads\/2026\/04\/bandeau-Unseen-World2-150x150.jpg",150,150,true],"medium":["https:\/\/www.band-maid.fr\/wp-content\/uploads\/2026\/04\/bandeau-Unseen-World2-300x300.jpg",300,300,true],"medium_large":["https:\/\/www.band-maid.fr\/wp-content\/uploads\/2026\/04\/bandeau-Unseen-World2.jpg",768,768,false],"large":["https:\/\/www.band-maid.fr\/wp-content\/uploads\/2026\/04\/bandeau-Unseen-World2-1024x1024.jpg",950,950,true],"1536x1536":["https:\/\/www.band-maid.fr\/wp-content\/uploads\/2026\/04\/bandeau-Unseen-World2.jpg",1200,1200,false],"2048x2048":["https:\/\/www.band-maid.fr\/wp-content\/uploads\/2026\/04\/bandeau-Unseen-World2.jpg",1200,1200,false],"inspiro-featured-image":["https:\/\/www.band-maid.fr\/wp-content\/uploads\/2026\/04\/bandeau-Unseen-World2.jpg",1200,1200,false],"inspiro-loop":["https:\/\/www.band-maid.fr\/wp-content\/uploads\/2026\/04\/bandeau-Unseen-World2-950x320.jpg",950,320,true],"inspiro-loop@2x":["https:\/\/www.band-maid.fr\/wp-content\/uploads\/2026\/04\/bandeau-Unseen-World2-1200x640.jpg",1200,640,true],"portfolio_item-thumbnail":["https:\/\/www.band-maid.fr\/wp-content\/uploads\/2026\/04\/bandeau-Unseen-World2-600x400.jpg",600,400,true],"portfolio_item-thumbnail@2x":["https:\/\/www.band-maid.fr\/wp-content\/uploads\/2026\/04\/bandeau-Unseen-World2-1200x800.jpg",1200,800,true],"portfolio_item-masonry":["https:\/\/www.band-maid.fr\/wp-content\/uploads\/2026\/04\/bandeau-Unseen-World2-600x600.jpg",600,600,true],"portfolio_item-masonry@2x":["https:\/\/www.band-maid.fr\/wp-content\/uploads\/2026\/04\/bandeau-Unseen-World2.jpg",1200,1200,false],"portfolio_item-thumbnail_cinema":["https:\/\/www.band-maid.fr\/wp-content\/uploads\/2026\/04\/bandeau-Unseen-World2-800x335.jpg",800,335,true],"portfolio_item-thumbnail_portrait":["https:\/\/www.band-maid.fr\/wp-content\/uploads\/2026\/04\/bandeau-Unseen-World2-600x900.jpg",600,900,true],"portfolio_item-thumbnail_portrait@2x":["https:\/\/www.band-maid.fr\/wp-content\/uploads\/2026\/04\/bandeau-Unseen-World2.jpg",1200,1200,false],"portfolio_item-thumbnail_square":["https:\/\/www.band-maid.fr\/wp-content\/uploads\/2026\/04\/bandeau-Unseen-World2-800x800.jpg",800,800,true]},"_links":{"self":[{"href":"https:\/\/www.band-maid.fr\/index.php\/wp-json\/wp\/v2\/pages\/9208","targetHints":{"allow":["GET"]}}],"collection":[{"href":"https:\/\/www.band-maid.fr\/index.php\/wp-json\/wp\/v2\/pages"}],"about":[{"href":"https:\/\/www.band-maid.fr\/index.php\/wp-json\/wp\/v2\/types\/page"}],"author":[{"embeddable":true,"href":"https:\/\/www.band-maid.fr\/index.php\/wp-json\/wp\/v2\/users\/1"}],"replies":[{"embeddable":true,"href":"https:\/\/www.band-maid.fr\/index.php\/wp-json\/wp\/v2\/comments?post=9208"}],"version-history":[{"count":3,"href":"https:\/\/www.band-maid.fr\/index.php\/wp-json\/wp\/v2\/pages\/9208\/revisions"}],"predecessor-version":[{"id":10490,"href":"https:\/\/www.band-maid.fr\/index.php\/wp-json\/wp\/v2\/pages\/9208\/revisions\/10490"}],"wp:featuredmedia":[{"embeddable":true,"href":"https:\/\/www.band-maid.fr\/index.php\/wp-json\/wp\/v2\/media\/9170"}],"wp:attachment":[{"href":"https:\/\/www.band-maid.fr\/index.php\/wp-json\/wp\/v2\/media?parent=9208"}],"curies":[{"name":"wp","href":"https:\/\/api.w.org\/{rel}","templated":true}]}}