{"id":7388,"date":"2026-01-03T20:09:23","date_gmt":"2026-01-03T20:09:23","guid":{"rendered":"http:\/\/wglgkdc.cluster121.hosting.ovh.net\/?page_id=7388"},"modified":"2026-01-08T17:44:01","modified_gmt":"2026-01-08T17:44:01","slug":"tokyo-garden-theater-okyu-ji","status":"publish","type":"page","link":"https:\/\/www.band-maid.fr\/index.php\/tokyo-garden-theater-okyu-ji\/","title":{"rendered":"Tokyo Garden Theater Okyu-Ji"},"content":{"rendered":"\n<div class=\"wp-block-advgb-columns advgb-columns-wrapper\" id=\"advgb-cols-81e3751e-2b8b-4a69-8c7d-be95bc33fcc2\"><div class=\"advgb-columns-container\"><div class=\"advgb-columns advgb-columns-row advgb-is-mobile advgb-columns-2 layout-14-34 mbl-layout-stacked vgutter-10\">\n<div class=\"wp-block-advgb-column advgb-column\" id=\"advgb-col-ff298023-4d7d-4d93-a6fd-f492ea74d55d\"><div class=\"advgb-column-inner\" style=\"border-style:none;border-width:1px\">\n<figure class=\"wp-block-image size-full\"><img fetchpriority=\"high\" decoding=\"async\" width=\"300\" height=\"348\" src=\"https:\/\/band-maid.fr\/wp-content\/uploads\/2026\/01\/TOKYO-GARDEN-THEATER-OKYUJI-e1767378094238.jpg\" alt=\"\" class=\"wp-image-7010\"\/><\/figure>\n<\/div><\/div>\n\n\n\n<div class=\"wp-block-advgb-column advgb-column\" id=\"advgb-col-f7d28ed6-8159-4b51-85f8-1d7a7a3f5559\"><div class=\"advgb-column-inner\" style=\"border-style:none;border-width:1px\">\n<div class=\"wp-block-advgb-columns advgb-columns-wrapper\" id=\"advgb-cols-eed6f18d-0333-4662-b581-0114f7505f95\"><div class=\"advgb-columns-container\"><div class=\"advgb-columns advgb-columns-row advgb-is-mobile advgb-columns-2 layout-15-45 mbl-layout-stacked vgutter-10\">\n<div class=\"wp-block-advgb-column advgb-column\" id=\"advgb-col-19549f03-9089-44f8-83d0-3e3acc0d1756\"><div class=\"advgb-column-inner\" style=\"border-style:none;border-width:1px\"><\/div><\/div>\n\n\n\n<div class=\"wp-block-advgb-column advgb-column\" id=\"advgb-col-490828d7-9b56-4704-9e69-ea5fa45fa045\"><div class=\"advgb-column-inner\" style=\"border-style:none;border-width:1px\">\n<p>Sortie : 27 mars 2024<\/p>\n\n\n\n<p>Dur\u00e9e : approx 127 mn<\/p>\n\n\n\n<p>Label : Pony Canyon<\/p>\n<\/div><\/div>\n<\/div><\/div><\/div>\n<\/div><\/div>\n<\/div><\/div><\/div>\n\n\n\n<p id=\"block-98b996fe-1c4e-4ebe-b014-e983888f5e23\"><\/p>\n\n\n\n<h2 class=\"wp-block-heading\" id=\"bluray-ou-dvd-du-concert-enregistre-au-tokyo-garden-theater-le-9-janvier-2023--916dff81-1614-41f5-9a13-170c746a95dc\">Blu-ray ou DVD du concert enregistr\u00e9 au Tokyo Garden Theater, le 9 janvier 2023.<\/h2>\n\n\n\n<hr class=\"wp-block-separator has-alpha-channel-opacity\"\/>\n\n\n\n<ol class=\"wp-block-list\">\n<li>Unleash!!!!!<\/li>\n\n\n\n<li>Play<\/li>\n\n\n\n<li>Influencer<\/li>\n\n\n\n<li>Black Hole<\/li>\n\n\n\n<li>Domination<\/li>\n\n\n\n<li>H-G-K<\/li>\n\n\n\n<li>The Non-Fiction Days<\/li>\n\n\n\n<li>I&rsquo;ll<\/li>\n\n\n\n<li>I Still Seek Revenge<\/li>\n\n\n\n<li>Alone<\/li>\n\n\n\n<li>Onset<\/li>\n\n\n\n<li>\u30b5\u30e8\u30ca\u30ad\u30c9\u30ea<\/li>\n\n\n\n<li>Sense<\/li>\n\n\n\n<li>\u706b\u82b1<\/li>\n\n\n\n<li>Corallium<\/li>\n\n\n\n<li>About Us<\/li>\n\n\n\n<li>Memorable<\/li>\n\n\n\n<li>Manners<\/li>\n\n\n\n<li>Puzzle<\/li>\n\n\n\n<li>Hate?<\/li>\n\n\n\n<li>From Now On<\/li>\n\n\n\n<li>Balance<\/li>\n\n\n\n<li>After Life<\/li>\n\n\n\n<li>Endless Story<\/li>\n\n\n\n<li>No God<\/li>\n\n\n\n<li>Choose Me<\/li>\n<\/ol>\n\n\n\n<p id=\"block-e5fb0450-ead5-4293-9150-347313c2719f\"><\/p>\n\n\n\n<p><\/p>\n\n\n\n<h2 class=\"wp-block-heading\" id=\"bandmaid-f674fc29-94be-43f0-b1fa-8ec556d88d5a\">BAND-MAID<\/h2>\n\n\n\n<ul class=\"wp-block-list\">\n<li><strong>Saiki Atsumi <\/strong>\u2013 chant<\/li>\n\n\n\n<li><strong>Miku Kobato<\/strong> \u2013 guitare rythmique, ch\u0153urs, chant<\/li>\n\n\n\n<li><strong>Kanami T\u014dno<\/strong> \u2013 guitare solo<\/li>\n\n\n\n<li><strong>Misa<\/strong> \u2013 basse<\/li>\n\n\n\n<li><strong>Akane Hirose<\/strong> \u2013 batterie<\/li>\n<\/ul>\n\n\n\n<p><\/p>\n\n\n\n<figure class=\"wp-block-embed is-type-video is-provider-youtube wp-block-embed-youtube wp-embed-aspect-16-9 wp-has-aspect-ratio\"><div class=\"wp-block-embed__wrapper\">\n<iframe title=\"BAND-MAID \/ Puzzle (Official Live Video)\" width=\"950\" height=\"534\" src=\"https:\/\/www.youtube.com\/embed\/zvuqmSQEnaA?feature=oembed\" frameborder=\"0\" allow=\"accelerometer; autoplay; clipboard-write; encrypted-media; gyroscope; picture-in-picture; web-share\" referrerpolicy=\"strict-origin-when-cross-origin\" allowfullscreen><\/iframe>\n<\/div><\/figure>\n\n\n\n<p><\/p>\n\n\n\n<figure class=\"wp-block-embed is-type-video is-provider-youtube wp-block-embed-youtube wp-embed-aspect-16-9 wp-has-aspect-ratio\"><div class=\"wp-block-embed__wrapper\">\n<iframe title=\"BAND-MAID \/ Unleash!!!!! (Official Live Video)\" width=\"950\" height=\"534\" src=\"https:\/\/www.youtube.com\/embed\/-i3N-WbZnJM?feature=oembed\" frameborder=\"0\" allow=\"accelerometer; autoplay; clipboard-write; encrypted-media; gyroscope; picture-in-picture; web-share\" referrerpolicy=\"strict-origin-when-cross-origin\" allowfullscreen><\/iframe>\n<\/div><\/figure>\n\n\n\n<p>Liens directs sur la page YouTube officielle de Band-Maid.<\/p>\n<style class=\"advgb-styles-renderer\">#advgb-col-ff298023-4d7d-4d93-a6fd-f492ea74d55d>.advgb-column-inner{}@media screen and (max-width: 1023px) {#advgb-col-ff298023-4d7d-4d93-a6fd-f492ea74d55d>.advgb-column-inner{}}@media screen and (max-width: 767px) {#advgb-col-ff298023-4d7d-4d93-a6fd-f492ea74d55d>.advgb-column-inner{}}#advgb-col-19549f03-9089-44f8-83d0-3e3acc0d1756>.advgb-column-inner{}@media screen and (max-width: 1023px) {#advgb-col-19549f03-9089-44f8-83d0-3e3acc0d1756>.advgb-column-inner{}}@media screen and (max-width: 767px) {#advgb-col-19549f03-9089-44f8-83d0-3e3acc0d1756>.advgb-column-inner{}}#advgb-col-490828d7-9b56-4704-9e69-ea5fa45fa045>.advgb-column-inner{}@media screen and (max-width: 1023px) {#advgb-col-490828d7-9b56-4704-9e69-ea5fa45fa045>.advgb-column-inner{}}@media screen and (max-width: 767px) {#advgb-col-490828d7-9b56-4704-9e69-ea5fa45fa045>.advgb-column-inner{}}#advgb-cols-eed6f18d-0333-4662-b581-0114f7505f95{}@media screen and (max-width: 1023px) {#advgb-cols-eed6f18d-0333-4662-b581-0114f7505f95{}}@media screen and (max-width: 767px) {#advgb-cols-eed6f18d-0333-4662-b581-0114f7505f95{}}#advgb-col-19549f03-9089-44f8-83d0-3e3acc0d1756>.advgb-column-inner{}@media screen and (max-width: 1023px) {#advgb-col-19549f03-9089-44f8-83d0-3e3acc0d1756>.advgb-column-inner{}}@media screen and (max-width: 767px) {#advgb-col-19549f03-9089-44f8-83d0-3e3acc0d1756>.advgb-column-inner{}}#advgb-col-490828d7-9b56-4704-9e69-ea5fa45fa045>.advgb-column-inner{}@media screen and (max-width: 1023px) {#advgb-col-490828d7-9b56-4704-9e69-ea5fa45fa045>.advgb-column-inner{}}@media screen and (max-width: 767px) {#advgb-col-490828d7-9b56-4704-9e69-ea5fa45fa045>.advgb-column-inner{}}#advgb-col-f7d28ed6-8159-4b51-85f8-1d7a7a3f5559>.advgb-column-inner{}@media screen and (max-width: 1023px) {#advgb-col-f7d28ed6-8159-4b51-85f8-1d7a7a3f5559>.advgb-column-inner{}}@media screen and (max-width: 767px) {#advgb-col-f7d28ed6-8159-4b51-85f8-1d7a7a3f5559>.advgb-column-inner{}}#advgb-cols-eed6f18d-0333-4662-b581-0114f7505f95{}@media screen and (max-width: 1023px) {#advgb-cols-eed6f18d-0333-4662-b581-0114f7505f95{}}@media screen and (max-width: 767px) {#advgb-cols-eed6f18d-0333-4662-b581-0114f7505f95{}}#advgb-col-19549f03-9089-44f8-83d0-3e3acc0d1756>.advgb-column-inner{}@media screen and (max-width: 1023px) {#advgb-col-19549f03-9089-44f8-83d0-3e3acc0d1756>.advgb-column-inner{}}@media screen and (max-width: 767px) {#advgb-col-19549f03-9089-44f8-83d0-3e3acc0d1756>.advgb-column-inner{}}#advgb-col-490828d7-9b56-4704-9e69-ea5fa45fa045>.advgb-column-inner{}@media screen and (max-width: 1023px) {#advgb-col-490828d7-9b56-4704-9e69-ea5fa45fa045>.advgb-column-inner{}}@media screen and (max-width: 767px) {#advgb-col-490828d7-9b56-4704-9e69-ea5fa45fa045>.advgb-column-inner{}}#advgb-cols-81e3751e-2b8b-4a69-8c7d-be95bc33fcc2{}@media screen and (max-width: 1023px) {#advgb-cols-81e3751e-2b8b-4a69-8c7d-be95bc33fcc2{}}@media screen and (max-width: 767px) {#advgb-cols-81e3751e-2b8b-4a69-8c7d-be95bc33fcc2{}}#advgb-col-ff298023-4d7d-4d93-a6fd-f492ea74d55d>.advgb-column-inner{}@media screen and (max-width: 1023px) {#advgb-col-ff298023-4d7d-4d93-a6fd-f492ea74d55d>.advgb-column-inner{}}@media screen and (max-width: 767px) {#advgb-col-ff298023-4d7d-4d93-a6fd-f492ea74d55d>.advgb-column-inner{}}#advgb-col-f7d28ed6-8159-4b51-85f8-1d7a7a3f5559>.advgb-column-inner{}@media screen and (max-width: 1023px) {#advgb-col-f7d28ed6-8159-4b51-85f8-1d7a7a3f5559>.advgb-column-inner{}}@media screen and (max-width: 767px) {#advgb-col-f7d28ed6-8159-4b51-85f8-1d7a7a3f5559>.advgb-column-inner{}}#advgb-cols-eed6f18d-0333-4662-b581-0114f7505f95{}@media screen and (max-width: 1023px) {#advgb-cols-eed6f18d-0333-4662-b581-0114f7505f95{}}@media screen and (max-width: 767px) {#advgb-cols-eed6f18d-0333-4662-b581-0114f7505f95{}}#advgb-col-19549f03-9089-44f8-83d0-3e3acc0d1756>.advgb-column-inner{}@media screen and (max-width: 1023px) {#advgb-col-19549f03-9089-44f8-83d0-3e3acc0d1756>.advgb-column-inner{}}@media screen and (max-width: 767px) {#advgb-col-19549f03-9089-44f8-83d0-3e3acc0d1756>.advgb-column-inner{}}#advgb-col-490828d7-9b56-4704-9e69-ea5fa45fa045>.advgb-column-inner{}@media screen and (max-width: 1023px) {#advgb-col-490828d7-9b56-4704-9e69-ea5fa45fa045>.advgb-column-inner{}}@media screen and (max-width: 767px) {#advgb-col-490828d7-9b56-4704-9e69-ea5fa45fa045>.advgb-column-inner{}}<\/style>","protected":false},"excerpt":{"rendered":"<p>Blu-ray ou DVD du concert enregistr\u00e9 au Tokyo Garden Theater, le 9 janvier 2023. BAND-MAID Liens directs sur la page YouTube officielle de Band-Maid.<\/p>\n","protected":false},"author":1,"featured_media":7389,"parent":0,"menu_order":0,"comment_status":"closed","ping_status":"closed","template":"","meta":{"advgb_blocks_editor_width":"","advgb_blocks_columns_visual_guide":"","footnotes":""},"class_list":["post-7388","page","type-page","status-publish","has-post-thumbnail","hentry"],"yoast_head":"<!-- This site is optimized with the Yoast SEO plugin v27.6 - https:\/\/yoast.com\/product\/yoast-seo-wordpress\/ -->\n<title>Tokyo Garden Theater Okyu-Ji - BAND-MAID<\/title>\n<meta name=\"robots\" content=\"index, follow, max-snippet:-1, max-image-preview:large, max-video-preview:-1\" \/>\n<link rel=\"canonical\" href=\"https:\/\/www.band-maid.fr\/index.php\/tokyo-garden-theater-okyu-ji\/\" \/>\n<meta property=\"og:locale\" content=\"fr_FR\" \/>\n<meta property=\"og:type\" content=\"article\" \/>\n<meta property=\"og:title\" content=\"Tokyo Garden Theater Okyu-Ji - BAND-MAID\" \/>\n<meta property=\"og:description\" content=\"Blu-ray ou DVD du concert enregistr\u00e9 au Tokyo Garden Theater, le 9 janvier 2023. BAND-MAID Liens directs sur la page YouTube officielle de Band-Maid.\" \/>\n<meta property=\"og:url\" content=\"https:\/\/www.band-maid.fr\/index.php\/tokyo-garden-theater-okyu-ji\/\" \/>\n<meta property=\"og:site_name\" content=\"BAND-MAID\" \/>\n<meta property=\"article:publisher\" content=\"https:\/\/www.facebook.com\/bandmaid\" \/>\n<meta property=\"article:modified_time\" content=\"2026-01-08T17:44:01+00:00\" \/>\n<meta property=\"og:image\" content=\"https:\/\/www.band-maid.fr\/wp-content\/uploads\/2026\/01\/bandeau-2023-Tokyo-Garden.jpg\" \/>\n\t<meta property=\"og:image:width\" content=\"1200\" \/>\n\t<meta property=\"og:image:height\" content=\"215\" \/>\n\t<meta property=\"og:image:type\" content=\"image\/jpeg\" \/>\n<meta name=\"twitter:card\" content=\"summary_large_image\" \/>\n<meta name=\"twitter:site\" content=\"@bandmaid\" \/>\n<meta name=\"twitter:label1\" content=\"Dur\u00e9e de lecture estim\u00e9e\" \/>\n\t<meta name=\"twitter:data1\" content=\"1 minute\" \/>\n<script type=\"application\/ld+json\" class=\"yoast-schema-graph\">{\"@context\":\"https:\\\/\\\/schema.org\",\"@graph\":[{\"@type\":\"WebPage\",\"@id\":\"https:\\\/\\\/www.band-maid.fr\\\/index.php\\\/tokyo-garden-theater-okyu-ji\\\/\",\"url\":\"https:\\\/\\\/www.band-maid.fr\\\/index.php\\\/tokyo-garden-theater-okyu-ji\\\/\",\"name\":\"Tokyo Garden Theater Okyu-Ji - BAND-MAID\",\"isPartOf\":{\"@id\":\"https:\\\/\\\/www.band-maid.fr\\\/#website\"},\"primaryImageOfPage\":{\"@id\":\"https:\\\/\\\/www.band-maid.fr\\\/index.php\\\/tokyo-garden-theater-okyu-ji\\\/#primaryimage\"},\"image\":{\"@id\":\"https:\\\/\\\/www.band-maid.fr\\\/index.php\\\/tokyo-garden-theater-okyu-ji\\\/#primaryimage\"},\"thumbnailUrl\":\"https:\\\/\\\/www.band-maid.fr\\\/wp-content\\\/uploads\\\/2026\\\/01\\\/bandeau-2023-Tokyo-Garden.jpg\",\"datePublished\":\"2026-01-03T20:09:23+00:00\",\"dateModified\":\"2026-01-08T17:44:01+00:00\",\"breadcrumb\":{\"@id\":\"https:\\\/\\\/www.band-maid.fr\\\/index.php\\\/tokyo-garden-theater-okyu-ji\\\/#breadcrumb\"},\"inLanguage\":\"fr-FR\",\"potentialAction\":[{\"@type\":\"ReadAction\",\"target\":[\"https:\\\/\\\/www.band-maid.fr\\\/index.php\\\/tokyo-garden-theater-okyu-ji\\\/\"]}]},{\"@type\":\"ImageObject\",\"inLanguage\":\"fr-FR\",\"@id\":\"https:\\\/\\\/www.band-maid.fr\\\/index.php\\\/tokyo-garden-theater-okyu-ji\\\/#primaryimage\",\"url\":\"https:\\\/\\\/www.band-maid.fr\\\/wp-content\\\/uploads\\\/2026\\\/01\\\/bandeau-2023-Tokyo-Garden.jpg\",\"contentUrl\":\"https:\\\/\\\/www.band-maid.fr\\\/wp-content\\\/uploads\\\/2026\\\/01\\\/bandeau-2023-Tokyo-Garden.jpg\",\"width\":1200,\"height\":215,\"caption\":\"Created with GIMP\"},{\"@type\":\"BreadcrumbList\",\"@id\":\"https:\\\/\\\/www.band-maid.fr\\\/index.php\\\/tokyo-garden-theater-okyu-ji\\\/#breadcrumb\",\"itemListElement\":[{\"@type\":\"ListItem\",\"position\":1,\"name\":\"Accueil\",\"item\":\"https:\\\/\\\/www.band-maid.fr\\\/\"},{\"@type\":\"ListItem\",\"position\":2,\"name\":\"Tokyo Garden Theater Okyu-Ji\"}]},{\"@type\":\"WebSite\",\"@id\":\"https:\\\/\\\/www.band-maid.fr\\\/#website\",\"url\":\"https:\\\/\\\/www.band-maid.fr\\\/\",\"name\":\"BAND-MAID\",\"description\":\"WORLD DOMINATION\",\"publisher\":{\"@id\":\"https:\\\/\\\/www.band-maid.fr\\\/#organization\"},\"potentialAction\":[{\"@type\":\"SearchAction\",\"target\":{\"@type\":\"EntryPoint\",\"urlTemplate\":\"https:\\\/\\\/www.band-maid.fr\\\/?s={search_term_string}\"},\"query-input\":{\"@type\":\"PropertyValueSpecification\",\"valueRequired\":true,\"valueName\":\"search_term_string\"}}],\"inLanguage\":\"fr-FR\"},{\"@type\":\"Organization\",\"@id\":\"https:\\\/\\\/www.band-maid.fr\\\/#organization\",\"name\":\"BAND-MAID\",\"url\":\"https:\\\/\\\/www.band-maid.fr\\\/\",\"logo\":{\"@type\":\"ImageObject\",\"inLanguage\":\"fr-FR\",\"@id\":\"https:\\\/\\\/www.band-maid.fr\\\/#\\\/schema\\\/logo\\\/image\\\/\",\"url\":\"http:\\\/\\\/wglgkdc.cluster121.hosting.ovh.net\\\/wp-content\\\/uploads\\\/2026\\\/01\\\/logo_band-maid_b.png\",\"contentUrl\":\"http:\\\/\\\/wglgkdc.cluster121.hosting.ovh.net\\\/wp-content\\\/uploads\\\/2026\\\/01\\\/logo_band-maid_b.png\",\"width\":540,\"height\":93,\"caption\":\"BAND-MAID\"},\"image\":{\"@id\":\"https:\\\/\\\/www.band-maid.fr\\\/#\\\/schema\\\/logo\\\/image\\\/\"},\"sameAs\":[\"https:\\\/\\\/www.facebook.com\\\/bandmaid\",\"https:\\\/\\\/x.com\\\/bandmaid\",\"https:\\\/\\\/www.instagram.com\\\/bandmaid.jp\\\/\",\"https:\\\/\\\/www.youtube.com\\\/channel\\\/UCJToUvYrmkmTCR-bluEaQfA\",\"https:\\\/\\\/www.tiktok.com\\\/@bandmaid_int\"]}]}<\/script>\n<!-- \/ Yoast SEO plugin. -->","yoast_head_json":{"title":"Tokyo Garden Theater Okyu-Ji - BAND-MAID","robots":{"index":"index","follow":"follow","max-snippet":"max-snippet:-1","max-image-preview":"max-image-preview:large","max-video-preview":"max-video-preview:-1"},"canonical":"https:\/\/www.band-maid.fr\/index.php\/tokyo-garden-theater-okyu-ji\/","og_locale":"fr_FR","og_type":"article","og_title":"Tokyo Garden Theater Okyu-Ji - BAND-MAID","og_description":"Blu-ray ou DVD du concert enregistr\u00e9 au Tokyo Garden Theater, le 9 janvier 2023. BAND-MAID Liens directs sur la page YouTube officielle de Band-Maid.","og_url":"https:\/\/www.band-maid.fr\/index.php\/tokyo-garden-theater-okyu-ji\/","og_site_name":"BAND-MAID","article_publisher":"https:\/\/www.facebook.com\/bandmaid","article_modified_time":"2026-01-08T17:44:01+00:00","og_image":[{"width":1200,"height":215,"url":"https:\/\/www.band-maid.fr\/wp-content\/uploads\/2026\/01\/bandeau-2023-Tokyo-Garden.jpg","type":"image\/jpeg"}],"twitter_card":"summary_large_image","twitter_site":"@bandmaid","twitter_misc":{"Dur\u00e9e de lecture estim\u00e9e":"1 minute"},"schema":{"@context":"https:\/\/schema.org","@graph":[{"@type":"WebPage","@id":"https:\/\/www.band-maid.fr\/index.php\/tokyo-garden-theater-okyu-ji\/","url":"https:\/\/www.band-maid.fr\/index.php\/tokyo-garden-theater-okyu-ji\/","name":"Tokyo Garden Theater Okyu-Ji - BAND-MAID","isPartOf":{"@id":"https:\/\/www.band-maid.fr\/#website"},"primaryImageOfPage":{"@id":"https:\/\/www.band-maid.fr\/index.php\/tokyo-garden-theater-okyu-ji\/#primaryimage"},"image":{"@id":"https:\/\/www.band-maid.fr\/index.php\/tokyo-garden-theater-okyu-ji\/#primaryimage"},"thumbnailUrl":"https:\/\/www.band-maid.fr\/wp-content\/uploads\/2026\/01\/bandeau-2023-Tokyo-Garden.jpg","datePublished":"2026-01-03T20:09:23+00:00","dateModified":"2026-01-08T17:44:01+00:00","breadcrumb":{"@id":"https:\/\/www.band-maid.fr\/index.php\/tokyo-garden-theater-okyu-ji\/#breadcrumb"},"inLanguage":"fr-FR","potentialAction":[{"@type":"ReadAction","target":["https:\/\/www.band-maid.fr\/index.php\/tokyo-garden-theater-okyu-ji\/"]}]},{"@type":"ImageObject","inLanguage":"fr-FR","@id":"https:\/\/www.band-maid.fr\/index.php\/tokyo-garden-theater-okyu-ji\/#primaryimage","url":"https:\/\/www.band-maid.fr\/wp-content\/uploads\/2026\/01\/bandeau-2023-Tokyo-Garden.jpg","contentUrl":"https:\/\/www.band-maid.fr\/wp-content\/uploads\/2026\/01\/bandeau-2023-Tokyo-Garden.jpg","width":1200,"height":215,"caption":"Created with GIMP"},{"@type":"BreadcrumbList","@id":"https:\/\/www.band-maid.fr\/index.php\/tokyo-garden-theater-okyu-ji\/#breadcrumb","itemListElement":[{"@type":"ListItem","position":1,"name":"Accueil","item":"https:\/\/www.band-maid.fr\/"},{"@type":"ListItem","position":2,"name":"Tokyo Garden Theater Okyu-Ji"}]},{"@type":"WebSite","@id":"https:\/\/www.band-maid.fr\/#website","url":"https:\/\/www.band-maid.fr\/","name":"BAND-MAID","description":"WORLD DOMINATION","publisher":{"@id":"https:\/\/www.band-maid.fr\/#organization"},"potentialAction":[{"@type":"SearchAction","target":{"@type":"EntryPoint","urlTemplate":"https:\/\/www.band-maid.fr\/?s={search_term_string}"},"query-input":{"@type":"PropertyValueSpecification","valueRequired":true,"valueName":"search_term_string"}}],"inLanguage":"fr-FR"},{"@type":"Organization","@id":"https:\/\/www.band-maid.fr\/#organization","name":"BAND-MAID","url":"https:\/\/www.band-maid.fr\/","logo":{"@type":"ImageObject","inLanguage":"fr-FR","@id":"https:\/\/www.band-maid.fr\/#\/schema\/logo\/image\/","url":"http:\/\/wglgkdc.cluster121.hosting.ovh.net\/wp-content\/uploads\/2026\/01\/logo_band-maid_b.png","contentUrl":"http:\/\/wglgkdc.cluster121.hosting.ovh.net\/wp-content\/uploads\/2026\/01\/logo_band-maid_b.png","width":540,"height":93,"caption":"BAND-MAID"},"image":{"@id":"https:\/\/www.band-maid.fr\/#\/schema\/logo\/image\/"},"sameAs":["https:\/\/www.facebook.com\/bandmaid","https:\/\/x.com\/bandmaid","https:\/\/www.instagram.com\/bandmaid.jp\/","https:\/\/www.youtube.com\/channel\/UCJToUvYrmkmTCR-bluEaQfA","https:\/\/www.tiktok.com\/@bandmaid_int"]}]}},"coauthors":[],"author_meta":{"author_link":"https:\/\/www.band-maid.fr\/index.php\/author\/admin8693\/","display_name":"LJB"},"relative_dates":{"created":"Publi\u00e9 4 mois il y a","modified":"Mis \u00e0 jour 4 mois il y a"},"absolute_dates":{"created":"Publi\u00e9 le 03\/01\/2026","modified":"Mise \u00e0 jour le 08\/01\/2026"},"absolute_dates_time":{"created":"Publi\u00e9 le 03\/01\/2026 20h09","modified":"Mise \u00e0 jour le 08\/01\/2026 17h44"},"featured_img_caption":"Created with GIMP","featured_img":"https:\/\/www.band-maid.fr\/wp-content\/uploads\/2026\/01\/bandeau-2023-Tokyo-Garden.jpg","series_order":"","featured_media_urls":{"thumbnail":["https:\/\/www.band-maid.fr\/wp-content\/uploads\/2026\/01\/bandeau-2023-Tokyo-Garden-150x150.jpg",150,150,true],"medium":["https:\/\/www.band-maid.fr\/wp-content\/uploads\/2026\/01\/bandeau-2023-Tokyo-Garden-300x54.jpg",300,54,true],"medium_large":["https:\/\/www.band-maid.fr\/wp-content\/uploads\/2026\/01\/bandeau-2023-Tokyo-Garden.jpg",768,138,false],"large":["https:\/\/www.band-maid.fr\/wp-content\/uploads\/2026\/01\/bandeau-2023-Tokyo-Garden-1024x183.jpg",950,170,true],"1536x1536":["https:\/\/www.band-maid.fr\/wp-content\/uploads\/2026\/01\/bandeau-2023-Tokyo-Garden.jpg",1200,215,false],"2048x2048":["https:\/\/www.band-maid.fr\/wp-content\/uploads\/2026\/01\/bandeau-2023-Tokyo-Garden.jpg",1200,215,false],"inspiro-featured-image":["https:\/\/www.band-maid.fr\/wp-content\/uploads\/2026\/01\/bandeau-2023-Tokyo-Garden.jpg",1200,215,false],"inspiro-loop":["https:\/\/www.band-maid.fr\/wp-content\/uploads\/2026\/01\/bandeau-2023-Tokyo-Garden-950x215.jpg",950,215,true],"inspiro-loop@2x":["https:\/\/www.band-maid.fr\/wp-content\/uploads\/2026\/01\/bandeau-2023-Tokyo-Garden.jpg",1200,215,false],"portfolio_item-thumbnail":["https:\/\/www.band-maid.fr\/wp-content\/uploads\/2026\/01\/bandeau-2023-Tokyo-Garden-600x215.jpg",600,215,true],"portfolio_item-thumbnail@2x":["https:\/\/www.band-maid.fr\/wp-content\/uploads\/2026\/01\/bandeau-2023-Tokyo-Garden.jpg",1200,215,false],"portfolio_item-masonry":["https:\/\/www.band-maid.fr\/wp-content\/uploads\/2026\/01\/bandeau-2023-Tokyo-Garden-600x108.jpg",600,108,true],"portfolio_item-masonry@2x":["https:\/\/www.band-maid.fr\/wp-content\/uploads\/2026\/01\/bandeau-2023-Tokyo-Garden.jpg",1200,215,false],"portfolio_item-thumbnail_cinema":["https:\/\/www.band-maid.fr\/wp-content\/uploads\/2026\/01\/bandeau-2023-Tokyo-Garden-800x215.jpg",800,215,true],"portfolio_item-thumbnail_portrait":["https:\/\/www.band-maid.fr\/wp-content\/uploads\/2026\/01\/bandeau-2023-Tokyo-Garden-600x215.jpg",600,215,true],"portfolio_item-thumbnail_portrait@2x":["https:\/\/www.band-maid.fr\/wp-content\/uploads\/2026\/01\/bandeau-2023-Tokyo-Garden.jpg",1200,215,false],"portfolio_item-thumbnail_square":["https:\/\/www.band-maid.fr\/wp-content\/uploads\/2026\/01\/bandeau-2023-Tokyo-Garden-800x215.jpg",800,215,true]},"_links":{"self":[{"href":"https:\/\/www.band-maid.fr\/index.php\/wp-json\/wp\/v2\/pages\/7388","targetHints":{"allow":["GET"]}}],"collection":[{"href":"https:\/\/www.band-maid.fr\/index.php\/wp-json\/wp\/v2\/pages"}],"about":[{"href":"https:\/\/www.band-maid.fr\/index.php\/wp-json\/wp\/v2\/types\/page"}],"author":[{"embeddable":true,"href":"https:\/\/www.band-maid.fr\/index.php\/wp-json\/wp\/v2\/users\/1"}],"replies":[{"embeddable":true,"href":"https:\/\/www.band-maid.fr\/index.php\/wp-json\/wp\/v2\/comments?post=7388"}],"version-history":[{"count":4,"href":"https:\/\/www.band-maid.fr\/index.php\/wp-json\/wp\/v2\/pages\/7388\/revisions"}],"predecessor-version":[{"id":7635,"href":"https:\/\/www.band-maid.fr\/index.php\/wp-json\/wp\/v2\/pages\/7388\/revisions\/7635"}],"wp:featuredmedia":[{"embeddable":true,"href":"https:\/\/www.band-maid.fr\/index.php\/wp-json\/wp\/v2\/media\/7389"}],"wp:attachment":[{"href":"https:\/\/www.band-maid.fr\/index.php\/wp-json\/wp\/v2\/media?parent=7388"}],"curies":[{"name":"wp","href":"https:\/\/api.w.org\/{rel}","templated":true}]}}