{"id":7154,"date":"2026-01-02T14:24:35","date_gmt":"2026-01-02T14:24:35","guid":{"rendered":"http:\/\/wglgkdc.cluster121.hosting.ovh.net\/?page_id=7154"},"modified":"2026-04-07T15:24:51","modified_gmt":"2026-04-07T15:24:51","slug":"just-bring-it","status":"publish","type":"page","link":"https:\/\/www.band-maid.fr\/index.php\/just-bring-it\/","title":{"rendered":"JUST BRING IT"},"content":{"rendered":"\n<div class=\"wp-block-advgb-columns advgb-columns-wrapper\" id=\"advgb-cols-f22e467f-8e73-4001-965b-dd34e1106450\"><div class=\"advgb-columns-container\"><div class=\"advgb-columns advgb-columns-row advgb-is-mobile advgb-columns-2 layout-14-34 mbl-layout-stacked vgutter-10\">\n<div class=\"wp-block-advgb-column advgb-column\" id=\"advgb-col-e0193211-a3c3-48ab-ae22-6b42328bf336\"><div class=\"advgb-column-inner\" style=\"border-style:none;border-width:1px\">\n<figure class=\"wp-block-image size-full\"><img fetchpriority=\"high\" decoding=\"async\" width=\"300\" height=\"300\" src=\"https:\/\/band-maid.fr\/wp-content\/uploads\/2026\/01\/Just-Bring-It.jpg\" alt=\"\" class=\"wp-image-6984\" srcset=\"https:\/\/www.band-maid.fr\/wp-content\/uploads\/2026\/01\/Just-Bring-It.jpg 300w, https:\/\/www.band-maid.fr\/wp-content\/uploads\/2026\/01\/Just-Bring-It-150x150.jpg 150w\" sizes=\"(max-width: 300px) 100vw, 300px\" \/><\/figure>\n<\/div><\/div>\n\n\n\n<div class=\"wp-block-advgb-column advgb-column\" id=\"advgb-col-0b03e8d3-159d-47f0-a8d7-8e52eaf0601f\"><div class=\"advgb-column-inner\" style=\"border-style:none;border-width:1px\">\n<div class=\"wp-block-advgb-columns advgb-columns-wrapper\" id=\"advgb-cols-7eea49e0-c479-4b98-8773-39eab2553312\"><div class=\"advgb-columns-container\"><div class=\"advgb-columns advgb-columns-row advgb-is-mobile advgb-columns-2 layout-15-45 mbl-layout-stacked vgutter-10\">\n<div class=\"wp-block-advgb-column advgb-column\" id=\"advgb-col-0feb80f1-56ee-4cea-8407-3f914f3a5277\"><div class=\"advgb-column-inner\" style=\"border-style:none;border-width:1px\"><\/div><\/div>\n\n\n\n<div class=\"wp-block-advgb-column advgb-column\" id=\"advgb-col-7cf4a200-4148-42d1-a859-b83321ce24f4\"><div class=\"advgb-column-inner\" style=\"border-style:none;border-width:1px\">\n<p>Sortie : 11 janvier 2017<\/p>\n\n\n\n<p>Enregistrement : 2016<\/p>\n\n\n\n<p>Dur\u00e9e : 49:55<\/p>\n\n\n\n<p>Label : Crown Stones&nbsp;(Japan),&nbsp;JPU Records&nbsp;(International)<\/p>\n<\/div><\/div>\n<\/div><\/div><\/div>\n<\/div><\/div>\n<\/div><\/div><\/div>\n\n\n\n<p id=\"block-98b996fe-1c4e-4ebe-b014-e983888f5e23\"><\/p>\n\n\n\n<p id=\"block-6b550728-c3c7-4af0-8804-e8a4e3e45753\"><\/p>\n\n\n\n<table class=\"wp-block-advgb-table advgb-table-frontend is-style-regular\"><tbody><tr><td>\ufeff<\/td><td>Titres<\/td><td>Paroles<\/td><td>Musique<\/td><td>Dur\u00e9e<\/td><\/tr><tr><td>1.<\/td><td><strong><a href=\"https:\/\/www.band-maid.fr\/index.php\/dont-you-tell-me\/\">Don&rsquo;t You Tell Me<\/a><\/strong><\/td><td>Miku Kobato, Saiki Atsumi<\/td><td>Band-Maid<\/td><td>03:10<\/td><\/tr><tr><td>2.<\/td><td><strong><strong><a href=\"https:\/\/www.band-maid.fr\/index.php\/puzzle\/\">Puzzle<\/a><\/strong><\/strong><\/td><td>Miku Kobato<\/td><td>Band-Maid<\/td><td>04:19<\/td><\/tr><tr><td>3.<\/td><td><strong><strong><a href=\"https:\/\/www.band-maid.fr\/index.php\/moratorium\/\">Moratorium (\u30e2\u30e9\u30c8\u30ea\u30a2\u30e0)<\/a><\/strong><\/strong><\/td><td>Miku Kobato<\/td><td>Band-Maid<\/td><td>04:15<\/td><\/tr><tr><td>4.<\/td><td><strong><strong><strong><a href=\"https:\/\/www.band-maid.fr\/index.php\/yolo-2\/\">YOLO<\/a><\/strong><\/strong><\/strong><\/td><td>Miku Kobato<\/td><td>Band-Maid<\/td><td>04:25<\/td><\/tr><tr><td>5.<\/td><td><strong><a href=\"https:\/\/www.band-maid.fr\/index.php\/cross\/\">Cross<\/a><\/strong><\/td><td>Nora, Miku Kobato<\/td><td>Nora<\/td><td>03:45<\/td><\/tr><tr><td>6.<\/td><td><strong><strong><a href=\"https:\/\/www.band-maid.fr\/index.php\/ooparts\/\">OOPArts<\/a><\/strong><\/strong><\/td><td>Endcape<\/td><td>Nora<\/td><td>04:06<\/td><\/tr><tr><td>7.<\/td><td><strong><strong><a href=\"https:\/\/www.band-maid.fr\/index.php\/take-me-higher\/\">Take Me Higher!!<\/a><\/strong><\/strong><\/td><td>Miku Kobato, Saiki Atsumi<\/td><td>Band-Maid<\/td><td>03:18<\/td><\/tr><tr><td>8.<\/td><td><strong><strong><a href=\"https:\/\/www.band-maid.fr\/index.php\/so-what\/\">So, What?<\/a><\/strong><\/strong><\/td><td>Miku Kobato<\/td><td>Koji Goto (ck510)<\/td><td>03:48<\/td><\/tr><tr><td>9.<\/td><td><strong><a href=\"https:\/\/www.band-maid.fr\/index.php\/time\/\">Time<\/a><\/strong><\/td><td>Miku Kobato<\/td><td>Hitoshi Okamoto<\/td><td>03:29<\/td><\/tr><tr><td>10.      <\/td><td><strong><a href=\"https:\/\/www.band-maid.fr\/index.php\/you\/\">You.<\/a><\/strong><\/td><td>Miku Kobato   <\/td><td>Band-Maid<\/td><td>03:43<\/td><\/tr><tr><td>11.<\/td><td><strong><a href=\"https:\/\/www.band-maid.fr\/index.php\/awkward\/\">Awkward<\/a><\/strong><\/td><td>Miku Kobato<\/td><td>Band-Maid<\/td><td>03:32<\/td><\/tr><tr><td>12.<\/td><td><strong><a href=\"https:\/\/www.band-maid.fr\/index.php\/decided-by-myself\/\">Decided by Myself<\/a><\/strong><\/td><td>Miku Kobato, Saiki Atsumi<\/td><td>Band-Maid<\/td><td>03:54<\/td><\/tr><tr><td>13.<\/td><td><strong><a href=\"https:\/\/www.band-maid.fr\/index.php\/secret-my-lips\/\">Secret My Lips<\/a><\/strong><\/td><td>Miku Kobato<\/td><td>Band-Maid<\/td><td>04:11<\/td><\/tr><\/tbody><\/table>\n\n\n\n<p id=\"block-e5fb0450-ead5-4293-9150-347313c2719f\"><\/p>\n\n\n\n<p id=\"block-e5fb0450-ead5-4293-9150-347313c2719f\"><strong>Akane Hirose<\/strong> \u2013 batterie<\/p>\n\n\n\n<p><strong>Saiki Atsumi <\/strong>\u2013 chant (except\u00e9 pour la chanson 9)<\/p>\n\n\n\n<p><strong>Miku Kobato<\/strong> \u2013 guitare rythmique, ch\u0153urs, chant (Time)<\/p>\n\n\n\n<p><strong>Kanami T\u014dno<\/strong> \u2013 guitare solo<\/p>\n\n\n\n<p><strong>Misa<\/strong> \u2013 basse<\/p>\n\n\n\n<hr class=\"wp-block-separator has-alpha-channel-opacity\"\/>\n\n\n\n<figure class=\"wp-block-embed is-type-video is-provider-youtube wp-block-embed-youtube wp-embed-aspect-16-9 wp-has-aspect-ratio\"><div class=\"wp-block-embed__wrapper\">\n<iframe title=\"BAND-MAID \/ Don&#039;t you tell ME (Official Music Video)\" width=\"950\" height=\"534\" src=\"https:\/\/www.youtube.com\/embed\/tGXzhxXVimY?list=OLAK5uy_kT1LSDtaqTO9zbxJc6uag3po0FoRykRmg\" frameborder=\"0\" allow=\"accelerometer; autoplay; clipboard-write; encrypted-media; gyroscope; picture-in-picture; web-share\" referrerpolicy=\"strict-origin-when-cross-origin\" allowfullscreen><\/iframe>\n<\/div><\/figure>\n\n\n\n<p>Lien direct sur la page YouTube officielle de Band-Maid.<\/p>\n<style class=\"advgb-styles-renderer\">#advgb-col-e0193211-a3c3-48ab-ae22-6b42328bf336>.advgb-column-inner{}@media screen and (max-width: 1023px) {#advgb-col-e0193211-a3c3-48ab-ae22-6b42328bf336>.advgb-column-inner{}}@media screen and (max-width: 767px) {#advgb-col-e0193211-a3c3-48ab-ae22-6b42328bf336>.advgb-column-inner{}}#advgb-col-0feb80f1-56ee-4cea-8407-3f914f3a5277>.advgb-column-inner{}@media screen and (max-width: 1023px) {#advgb-col-0feb80f1-56ee-4cea-8407-3f914f3a5277>.advgb-column-inner{}}@media screen and (max-width: 767px) {#advgb-col-0feb80f1-56ee-4cea-8407-3f914f3a5277>.advgb-column-inner{}}#advgb-col-7cf4a200-4148-42d1-a859-b83321ce24f4>.advgb-column-inner{}@media screen and (max-width: 1023px) {#advgb-col-7cf4a200-4148-42d1-a859-b83321ce24f4>.advgb-column-inner{}}@media screen and (max-width: 767px) {#advgb-col-7cf4a200-4148-42d1-a859-b83321ce24f4>.advgb-column-inner{}}#advgb-cols-7eea49e0-c479-4b98-8773-39eab2553312{}@media screen and (max-width: 1023px) {#advgb-cols-7eea49e0-c479-4b98-8773-39eab2553312{}}@media screen and (max-width: 767px) {#advgb-cols-7eea49e0-c479-4b98-8773-39eab2553312{}}#advgb-col-0feb80f1-56ee-4cea-8407-3f914f3a5277>.advgb-column-inner{}@media screen and (max-width: 1023px) {#advgb-col-0feb80f1-56ee-4cea-8407-3f914f3a5277>.advgb-column-inner{}}@media screen and (max-width: 767px) {#advgb-col-0feb80f1-56ee-4cea-8407-3f914f3a5277>.advgb-column-inner{}}#advgb-col-7cf4a200-4148-42d1-a859-b83321ce24f4>.advgb-column-inner{}@media screen and (max-width: 1023px) {#advgb-col-7cf4a200-4148-42d1-a859-b83321ce24f4>.advgb-column-inner{}}@media screen and (max-width: 767px) {#advgb-col-7cf4a200-4148-42d1-a859-b83321ce24f4>.advgb-column-inner{}}#advgb-col-0b03e8d3-159d-47f0-a8d7-8e52eaf0601f>.advgb-column-inner{}@media screen and (max-width: 1023px) {#advgb-col-0b03e8d3-159d-47f0-a8d7-8e52eaf0601f>.advgb-column-inner{}}@media screen and (max-width: 767px) {#advgb-col-0b03e8d3-159d-47f0-a8d7-8e52eaf0601f>.advgb-column-inner{}}#advgb-cols-7eea49e0-c479-4b98-8773-39eab2553312{}@media screen and (max-width: 1023px) {#advgb-cols-7eea49e0-c479-4b98-8773-39eab2553312{}}@media screen and (max-width: 767px) {#advgb-cols-7eea49e0-c479-4b98-8773-39eab2553312{}}#advgb-col-0feb80f1-56ee-4cea-8407-3f914f3a5277>.advgb-column-inner{}@media screen and (max-width: 1023px) {#advgb-col-0feb80f1-56ee-4cea-8407-3f914f3a5277>.advgb-column-inner{}}@media screen and (max-width: 767px) {#advgb-col-0feb80f1-56ee-4cea-8407-3f914f3a5277>.advgb-column-inner{}}#advgb-col-7cf4a200-4148-42d1-a859-b83321ce24f4>.advgb-column-inner{}@media screen and (max-width: 1023px) {#advgb-col-7cf4a200-4148-42d1-a859-b83321ce24f4>.advgb-column-inner{}}@media screen and (max-width: 767px) {#advgb-col-7cf4a200-4148-42d1-a859-b83321ce24f4>.advgb-column-inner{}}#advgb-cols-f22e467f-8e73-4001-965b-dd34e1106450{}@media screen and (max-width: 1023px) {#advgb-cols-f22e467f-8e73-4001-965b-dd34e1106450{}}@media screen and (max-width: 767px) {#advgb-cols-f22e467f-8e73-4001-965b-dd34e1106450{}}#advgb-col-e0193211-a3c3-48ab-ae22-6b42328bf336>.advgb-column-inner{}@media screen and (max-width: 1023px) {#advgb-col-e0193211-a3c3-48ab-ae22-6b42328bf336>.advgb-column-inner{}}@media screen and (max-width: 767px) {#advgb-col-e0193211-a3c3-48ab-ae22-6b42328bf336>.advgb-column-inner{}}#advgb-col-0b03e8d3-159d-47f0-a8d7-8e52eaf0601f>.advgb-column-inner{}@media screen and (max-width: 1023px) {#advgb-col-0b03e8d3-159d-47f0-a8d7-8e52eaf0601f>.advgb-column-inner{}}@media screen and (max-width: 767px) {#advgb-col-0b03e8d3-159d-47f0-a8d7-8e52eaf0601f>.advgb-column-inner{}}#advgb-cols-7eea49e0-c479-4b98-8773-39eab2553312{}@media screen and (max-width: 1023px) {#advgb-cols-7eea49e0-c479-4b98-8773-39eab2553312{}}@media screen and (max-width: 767px) {#advgb-cols-7eea49e0-c479-4b98-8773-39eab2553312{}}#advgb-col-0feb80f1-56ee-4cea-8407-3f914f3a5277>.advgb-column-inner{}@media screen and (max-width: 1023px) {#advgb-col-0feb80f1-56ee-4cea-8407-3f914f3a5277>.advgb-column-inner{}}@media screen and (max-width: 767px) {#advgb-col-0feb80f1-56ee-4cea-8407-3f914f3a5277>.advgb-column-inner{}}#advgb-col-7cf4a200-4148-42d1-a859-b83321ce24f4>.advgb-column-inner{}@media screen and (max-width: 1023px) {#advgb-col-7cf4a200-4148-42d1-a859-b83321ce24f4>.advgb-column-inner{}}@media screen and (max-width: 767px) {#advgb-col-7cf4a200-4148-42d1-a859-b83321ce24f4>.advgb-column-inner{}}<\/style>","protected":false},"excerpt":{"rendered":"<p>Akane Hirose \u2013 batterie Saiki Atsumi \u2013 chant (except\u00e9 pour la chanson 9) Miku Kobato \u2013 guitare rythmique, ch\u0153urs, chant (Time) Kanami T\u014dno \u2013 guitare solo Misa \u2013 basse Lien direct sur la page YouTube officielle de Band-Maid.<\/p>\n","protected":false},"author":1,"featured_media":7205,"parent":0,"menu_order":0,"comment_status":"closed","ping_status":"closed","template":"","meta":{"advgb_blocks_editor_width":"","advgb_blocks_columns_visual_guide":"","footnotes":""},"class_list":["post-7154","page","type-page","status-publish","has-post-thumbnail","hentry"],"yoast_head":"<!-- This site is optimized with the Yoast SEO plugin v27.6 - https:\/\/yoast.com\/product\/yoast-seo-wordpress\/ -->\n<title>JUST BRING IT - BAND-MAID<\/title>\n<meta name=\"description\" content=\"D\u00e9couvrez toutes les informations sur le premier LP de BAND-MAID sorti en janvier 2017 : Just Bring It.\" \/>\n<meta name=\"robots\" content=\"index, follow, max-snippet:-1, max-image-preview:large, max-video-preview:-1\" \/>\n<link rel=\"canonical\" href=\"https:\/\/www.band-maid.fr\/index.php\/just-bring-it\/\" \/>\n<meta property=\"og:locale\" content=\"fr_FR\" \/>\n<meta property=\"og:type\" content=\"article\" \/>\n<meta property=\"og:title\" content=\"JUST BRING IT - BAND-MAID\" \/>\n<meta property=\"og:description\" content=\"D\u00e9couvrez toutes les informations sur le premier LP de BAND-MAID sorti en janvier 2017 : Just Bring It.\" \/>\n<meta property=\"og:url\" content=\"https:\/\/www.band-maid.fr\/index.php\/just-bring-it\/\" \/>\n<meta property=\"og:site_name\" content=\"BAND-MAID\" \/>\n<meta property=\"article:publisher\" content=\"https:\/\/www.facebook.com\/bandmaid\" \/>\n<meta property=\"article:modified_time\" content=\"2026-04-07T15:24:51+00:00\" \/>\n<meta property=\"og:image\" content=\"https:\/\/www.band-maid.fr\/wp-content\/uploads\/2026\/01\/band-maid-Just-Bring-It.jpg\" \/>\n\t<meta property=\"og:image:width\" content=\"1200\" \/>\n\t<meta property=\"og:image:height\" content=\"215\" \/>\n\t<meta property=\"og:image:type\" content=\"image\/jpeg\" \/>\n<meta name=\"twitter:card\" content=\"summary_large_image\" \/>\n<meta name=\"twitter:site\" content=\"@bandmaid\" \/>\n<meta name=\"twitter:label1\" content=\"Dur\u00e9e de lecture estim\u00e9e\" \/>\n\t<meta name=\"twitter:data1\" content=\"2 minutes\" \/>\n<script type=\"application\/ld+json\" class=\"yoast-schema-graph\">{\"@context\":\"https:\\\/\\\/schema.org\",\"@graph\":[{\"@type\":\"WebPage\",\"@id\":\"https:\\\/\\\/www.band-maid.fr\\\/index.php\\\/just-bring-it\\\/\",\"url\":\"https:\\\/\\\/www.band-maid.fr\\\/index.php\\\/just-bring-it\\\/\",\"name\":\"JUST BRING IT - BAND-MAID\",\"isPartOf\":{\"@id\":\"https:\\\/\\\/www.band-maid.fr\\\/#website\"},\"primaryImageOfPage\":{\"@id\":\"https:\\\/\\\/www.band-maid.fr\\\/index.php\\\/just-bring-it\\\/#primaryimage\"},\"image\":{\"@id\":\"https:\\\/\\\/www.band-maid.fr\\\/index.php\\\/just-bring-it\\\/#primaryimage\"},\"thumbnailUrl\":\"https:\\\/\\\/www.band-maid.fr\\\/wp-content\\\/uploads\\\/2026\\\/01\\\/band-maid-Just-Bring-It.jpg\",\"datePublished\":\"2026-01-02T14:24:35+00:00\",\"dateModified\":\"2026-04-07T15:24:51+00:00\",\"description\":\"D\u00e9couvrez toutes les informations sur le premier LP de BAND-MAID sorti en janvier 2017 : Just Bring It.\",\"breadcrumb\":{\"@id\":\"https:\\\/\\\/www.band-maid.fr\\\/index.php\\\/just-bring-it\\\/#breadcrumb\"},\"inLanguage\":\"fr-FR\",\"potentialAction\":[{\"@type\":\"ReadAction\",\"target\":[\"https:\\\/\\\/www.band-maid.fr\\\/index.php\\\/just-bring-it\\\/\"]}]},{\"@type\":\"ImageObject\",\"inLanguage\":\"fr-FR\",\"@id\":\"https:\\\/\\\/www.band-maid.fr\\\/index.php\\\/just-bring-it\\\/#primaryimage\",\"url\":\"https:\\\/\\\/www.band-maid.fr\\\/wp-content\\\/uploads\\\/2026\\\/01\\\/band-maid-Just-Bring-It.jpg\",\"contentUrl\":\"https:\\\/\\\/www.band-maid.fr\\\/wp-content\\\/uploads\\\/2026\\\/01\\\/band-maid-Just-Bring-It.jpg\",\"width\":1200,\"height\":215},{\"@type\":\"BreadcrumbList\",\"@id\":\"https:\\\/\\\/www.band-maid.fr\\\/index.php\\\/just-bring-it\\\/#breadcrumb\",\"itemListElement\":[{\"@type\":\"ListItem\",\"position\":1,\"name\":\"Accueil\",\"item\":\"https:\\\/\\\/www.band-maid.fr\\\/\"},{\"@type\":\"ListItem\",\"position\":2,\"name\":\"JUST BRING IT\"}]},{\"@type\":\"WebSite\",\"@id\":\"https:\\\/\\\/www.band-maid.fr\\\/#website\",\"url\":\"https:\\\/\\\/www.band-maid.fr\\\/\",\"name\":\"BAND-MAID\",\"description\":\"WORLD DOMINATION\",\"publisher\":{\"@id\":\"https:\\\/\\\/www.band-maid.fr\\\/#organization\"},\"potentialAction\":[{\"@type\":\"SearchAction\",\"target\":{\"@type\":\"EntryPoint\",\"urlTemplate\":\"https:\\\/\\\/www.band-maid.fr\\\/?s={search_term_string}\"},\"query-input\":{\"@type\":\"PropertyValueSpecification\",\"valueRequired\":true,\"valueName\":\"search_term_string\"}}],\"inLanguage\":\"fr-FR\"},{\"@type\":\"Organization\",\"@id\":\"https:\\\/\\\/www.band-maid.fr\\\/#organization\",\"name\":\"BAND-MAID\",\"url\":\"https:\\\/\\\/www.band-maid.fr\\\/\",\"logo\":{\"@type\":\"ImageObject\",\"inLanguage\":\"fr-FR\",\"@id\":\"https:\\\/\\\/www.band-maid.fr\\\/#\\\/schema\\\/logo\\\/image\\\/\",\"url\":\"http:\\\/\\\/wglgkdc.cluster121.hosting.ovh.net\\\/wp-content\\\/uploads\\\/2026\\\/01\\\/logo_band-maid_b.png\",\"contentUrl\":\"http:\\\/\\\/wglgkdc.cluster121.hosting.ovh.net\\\/wp-content\\\/uploads\\\/2026\\\/01\\\/logo_band-maid_b.png\",\"width\":540,\"height\":93,\"caption\":\"BAND-MAID\"},\"image\":{\"@id\":\"https:\\\/\\\/www.band-maid.fr\\\/#\\\/schema\\\/logo\\\/image\\\/\"},\"sameAs\":[\"https:\\\/\\\/www.facebook.com\\\/bandmaid\",\"https:\\\/\\\/x.com\\\/bandmaid\",\"https:\\\/\\\/www.instagram.com\\\/bandmaid.jp\\\/\",\"https:\\\/\\\/www.youtube.com\\\/channel\\\/UCJToUvYrmkmTCR-bluEaQfA\",\"https:\\\/\\\/www.tiktok.com\\\/@bandmaid_int\"]}]}<\/script>\n<!-- \/ Yoast SEO plugin. -->","yoast_head_json":{"title":"JUST BRING IT - BAND-MAID","description":"D\u00e9couvrez toutes les informations sur le premier LP de BAND-MAID sorti en janvier 2017 : Just Bring It.","robots":{"index":"index","follow":"follow","max-snippet":"max-snippet:-1","max-image-preview":"max-image-preview:large","max-video-preview":"max-video-preview:-1"},"canonical":"https:\/\/www.band-maid.fr\/index.php\/just-bring-it\/","og_locale":"fr_FR","og_type":"article","og_title":"JUST BRING IT - BAND-MAID","og_description":"D\u00e9couvrez toutes les informations sur le premier LP de BAND-MAID sorti en janvier 2017 : Just Bring It.","og_url":"https:\/\/www.band-maid.fr\/index.php\/just-bring-it\/","og_site_name":"BAND-MAID","article_publisher":"https:\/\/www.facebook.com\/bandmaid","article_modified_time":"2026-04-07T15:24:51+00:00","og_image":[{"width":1200,"height":215,"url":"https:\/\/www.band-maid.fr\/wp-content\/uploads\/2026\/01\/band-maid-Just-Bring-It.jpg","type":"image\/jpeg"}],"twitter_card":"summary_large_image","twitter_site":"@bandmaid","twitter_misc":{"Dur\u00e9e de lecture estim\u00e9e":"2 minutes"},"schema":{"@context":"https:\/\/schema.org","@graph":[{"@type":"WebPage","@id":"https:\/\/www.band-maid.fr\/index.php\/just-bring-it\/","url":"https:\/\/www.band-maid.fr\/index.php\/just-bring-it\/","name":"JUST BRING IT - BAND-MAID","isPartOf":{"@id":"https:\/\/www.band-maid.fr\/#website"},"primaryImageOfPage":{"@id":"https:\/\/www.band-maid.fr\/index.php\/just-bring-it\/#primaryimage"},"image":{"@id":"https:\/\/www.band-maid.fr\/index.php\/just-bring-it\/#primaryimage"},"thumbnailUrl":"https:\/\/www.band-maid.fr\/wp-content\/uploads\/2026\/01\/band-maid-Just-Bring-It.jpg","datePublished":"2026-01-02T14:24:35+00:00","dateModified":"2026-04-07T15:24:51+00:00","description":"D\u00e9couvrez toutes les informations sur le premier LP de BAND-MAID sorti en janvier 2017 : Just Bring It.","breadcrumb":{"@id":"https:\/\/www.band-maid.fr\/index.php\/just-bring-it\/#breadcrumb"},"inLanguage":"fr-FR","potentialAction":[{"@type":"ReadAction","target":["https:\/\/www.band-maid.fr\/index.php\/just-bring-it\/"]}]},{"@type":"ImageObject","inLanguage":"fr-FR","@id":"https:\/\/www.band-maid.fr\/index.php\/just-bring-it\/#primaryimage","url":"https:\/\/www.band-maid.fr\/wp-content\/uploads\/2026\/01\/band-maid-Just-Bring-It.jpg","contentUrl":"https:\/\/www.band-maid.fr\/wp-content\/uploads\/2026\/01\/band-maid-Just-Bring-It.jpg","width":1200,"height":215},{"@type":"BreadcrumbList","@id":"https:\/\/www.band-maid.fr\/index.php\/just-bring-it\/#breadcrumb","itemListElement":[{"@type":"ListItem","position":1,"name":"Accueil","item":"https:\/\/www.band-maid.fr\/"},{"@type":"ListItem","position":2,"name":"JUST BRING IT"}]},{"@type":"WebSite","@id":"https:\/\/www.band-maid.fr\/#website","url":"https:\/\/www.band-maid.fr\/","name":"BAND-MAID","description":"WORLD DOMINATION","publisher":{"@id":"https:\/\/www.band-maid.fr\/#organization"},"potentialAction":[{"@type":"SearchAction","target":{"@type":"EntryPoint","urlTemplate":"https:\/\/www.band-maid.fr\/?s={search_term_string}"},"query-input":{"@type":"PropertyValueSpecification","valueRequired":true,"valueName":"search_term_string"}}],"inLanguage":"fr-FR"},{"@type":"Organization","@id":"https:\/\/www.band-maid.fr\/#organization","name":"BAND-MAID","url":"https:\/\/www.band-maid.fr\/","logo":{"@type":"ImageObject","inLanguage":"fr-FR","@id":"https:\/\/www.band-maid.fr\/#\/schema\/logo\/image\/","url":"http:\/\/wglgkdc.cluster121.hosting.ovh.net\/wp-content\/uploads\/2026\/01\/logo_band-maid_b.png","contentUrl":"http:\/\/wglgkdc.cluster121.hosting.ovh.net\/wp-content\/uploads\/2026\/01\/logo_band-maid_b.png","width":540,"height":93,"caption":"BAND-MAID"},"image":{"@id":"https:\/\/www.band-maid.fr\/#\/schema\/logo\/image\/"},"sameAs":["https:\/\/www.facebook.com\/bandmaid","https:\/\/x.com\/bandmaid","https:\/\/www.instagram.com\/bandmaid.jp\/","https:\/\/www.youtube.com\/channel\/UCJToUvYrmkmTCR-bluEaQfA","https:\/\/www.tiktok.com\/@bandmaid_int"]}]}},"coauthors":[],"author_meta":{"author_link":"https:\/\/www.band-maid.fr\/index.php\/author\/admin8693\/","display_name":"LJB"},"relative_dates":{"created":"Publi\u00e9 4 mois il y a","modified":"Mis \u00e0 jour 1 mois il y a"},"absolute_dates":{"created":"Publi\u00e9 le 02\/01\/2026","modified":"Mise \u00e0 jour le 07\/04\/2026"},"absolute_dates_time":{"created":"Publi\u00e9 le 02\/01\/2026 14h24","modified":"Mise \u00e0 jour le 07\/04\/2026 15h24"},"featured_img_caption":"","featured_img":"https:\/\/www.band-maid.fr\/wp-content\/uploads\/2026\/01\/band-maid-Just-Bring-It.jpg","series_order":"","featured_media_urls":{"thumbnail":["https:\/\/www.band-maid.fr\/wp-content\/uploads\/2026\/01\/band-maid-Just-Bring-It-150x150.jpg",150,150,true],"medium":["https:\/\/www.band-maid.fr\/wp-content\/uploads\/2026\/01\/band-maid-Just-Bring-It-300x54.jpg",300,54,true],"medium_large":["https:\/\/www.band-maid.fr\/wp-content\/uploads\/2026\/01\/band-maid-Just-Bring-It.jpg",768,138,false],"large":["https:\/\/www.band-maid.fr\/wp-content\/uploads\/2026\/01\/band-maid-Just-Bring-It-1024x183.jpg",950,170,true],"1536x1536":["https:\/\/www.band-maid.fr\/wp-content\/uploads\/2026\/01\/band-maid-Just-Bring-It.jpg",1200,215,false],"2048x2048":["https:\/\/www.band-maid.fr\/wp-content\/uploads\/2026\/01\/band-maid-Just-Bring-It.jpg",1200,215,false],"inspiro-featured-image":["https:\/\/www.band-maid.fr\/wp-content\/uploads\/2026\/01\/band-maid-Just-Bring-It.jpg",1200,215,false],"inspiro-loop":["https:\/\/www.band-maid.fr\/wp-content\/uploads\/2026\/01\/band-maid-Just-Bring-It-950x215.jpg",950,215,true],"inspiro-loop@2x":["https:\/\/www.band-maid.fr\/wp-content\/uploads\/2026\/01\/band-maid-Just-Bring-It.jpg",1200,215,false],"portfolio_item-thumbnail":["https:\/\/www.band-maid.fr\/wp-content\/uploads\/2026\/01\/band-maid-Just-Bring-It-600x215.jpg",600,215,true],"portfolio_item-thumbnail@2x":["https:\/\/www.band-maid.fr\/wp-content\/uploads\/2026\/01\/band-maid-Just-Bring-It.jpg",1200,215,false],"portfolio_item-masonry":["https:\/\/www.band-maid.fr\/wp-content\/uploads\/2026\/01\/band-maid-Just-Bring-It-600x108.jpg",600,108,true],"portfolio_item-masonry@2x":["https:\/\/www.band-maid.fr\/wp-content\/uploads\/2026\/01\/band-maid-Just-Bring-It.jpg",1200,215,false],"portfolio_item-thumbnail_cinema":["https:\/\/www.band-maid.fr\/wp-content\/uploads\/2026\/01\/band-maid-Just-Bring-It-800x215.jpg",800,215,true],"portfolio_item-thumbnail_portrait":["https:\/\/www.band-maid.fr\/wp-content\/uploads\/2026\/01\/band-maid-Just-Bring-It-600x215.jpg",600,215,true],"portfolio_item-thumbnail_portrait@2x":["https:\/\/www.band-maid.fr\/wp-content\/uploads\/2026\/01\/band-maid-Just-Bring-It.jpg",1200,215,false],"portfolio_item-thumbnail_square":["https:\/\/www.band-maid.fr\/wp-content\/uploads\/2026\/01\/band-maid-Just-Bring-It-800x215.jpg",800,215,true]},"_links":{"self":[{"href":"https:\/\/www.band-maid.fr\/index.php\/wp-json\/wp\/v2\/pages\/7154","targetHints":{"allow":["GET"]}}],"collection":[{"href":"https:\/\/www.band-maid.fr\/index.php\/wp-json\/wp\/v2\/pages"}],"about":[{"href":"https:\/\/www.band-maid.fr\/index.php\/wp-json\/wp\/v2\/types\/page"}],"author":[{"embeddable":true,"href":"https:\/\/www.band-maid.fr\/index.php\/wp-json\/wp\/v2\/users\/1"}],"replies":[{"embeddable":true,"href":"https:\/\/www.band-maid.fr\/index.php\/wp-json\/wp\/v2\/comments?post=7154"}],"version-history":[{"count":17,"href":"https:\/\/www.band-maid.fr\/index.php\/wp-json\/wp\/v2\/pages\/7154\/revisions"}],"predecessor-version":[{"id":9452,"href":"https:\/\/www.band-maid.fr\/index.php\/wp-json\/wp\/v2\/pages\/7154\/revisions\/9452"}],"wp:featuredmedia":[{"embeddable":true,"href":"https:\/\/www.band-maid.fr\/index.php\/wp-json\/wp\/v2\/media\/7205"}],"wp:attachment":[{"href":"https:\/\/www.band-maid.fr\/index.php\/wp-json\/wp\/v2\/media?parent=7154"}],"curies":[{"name":"wp","href":"https:\/\/api.w.org\/{rel}","templated":true}]}}