{"id":7103,"date":"2026-01-02T10:05:31","date_gmt":"2026-01-02T10:05:31","guid":{"rendered":"http:\/\/wglgkdc.cluster121.hosting.ovh.net\/?page_id=7103"},"modified":"2026-04-08T20:30:05","modified_gmt":"2026-04-08T20:30:05","slug":"new-beginning","status":"publish","type":"page","link":"https:\/\/www.band-maid.fr\/index.php\/new-beginning\/","title":{"rendered":"NEW BEGINNING"},"content":{"rendered":"\n<div class=\"wp-block-advgb-columns advgb-columns-wrapper\" id=\"advgb-cols-41de742b-55a3-44cc-b942-260e0248f05d\"><div class=\"advgb-columns-container\"><div class=\"advgb-columns advgb-columns-row advgb-is-mobile advgb-columns-2 layout-14-34 mbl-layout-stacked vgutter-10\">\n<div class=\"wp-block-advgb-column advgb-column\" id=\"advgb-col-c51b0ce2-ed28-4b24-afdd-87ee333554b3\"><div class=\"advgb-column-inner\" style=\"border-style:none;border-width:1px\">\n<figure class=\"wp-block-image size-full\"><img fetchpriority=\"high\" decoding=\"async\" width=\"300\" height=\"300\" src=\"https:\/\/band-maid.fr\/wp-content\/uploads\/2026\/01\/New-Beginning-e1767379267587.jpg\" alt=\"\" class=\"wp-image-6987\"\/><\/figure>\n<\/div><\/div>\n\n\n\n<div class=\"wp-block-advgb-column advgb-column\" id=\"advgb-col-d11e0675-5ca8-4d79-b7a8-e06c32ec15a2\"><div class=\"advgb-column-inner\" style=\"border-style:none;border-width:1px\">\n<div class=\"wp-block-advgb-columns advgb-columns-wrapper\" id=\"advgb-cols-7d915057-13ca-45c7-89f3-91a05bd26358\"><div class=\"advgb-columns-container\"><div class=\"advgb-columns advgb-columns-row advgb-is-mobile advgb-columns-2 layout-15-45 mbl-layout-stacked vgutter-10\">\n<div class=\"wp-block-advgb-column advgb-column\" id=\"advgb-col-18348ac2-bd72-445e-84c7-6b0c137cb156\"><div class=\"advgb-column-inner\" style=\"border-style:none;border-width:1px\"><\/div><\/div>\n\n\n\n<div class=\"wp-block-advgb-column advgb-column\" id=\"advgb-col-4037ca5a-c9dc-4c53-ad69-537efc0e64b0\"><div class=\"advgb-column-inner\" style=\"border-style:none;border-width:1px\">\n<p>Sortie : 18 novembre 2015<\/p>\n\n\n\n<p>Enregistrement : 2015<\/p>\n\n\n\n<p>Dur\u00e9e : 32:47<\/p>\n\n\n\n<p>Label : Gump<\/p>\n<\/div><\/div>\n<\/div><\/div><\/div>\n<\/div><\/div>\n<\/div><\/div><\/div>\n\n\n\n<p id=\"block-98b996fe-1c4e-4ebe-b014-e983888f5e23\"><\/p>\n\n\n\n<p id=\"block-6b550728-c3c7-4af0-8804-e8a4e3e45753\"><\/p>\n\n\n\n<table class=\"wp-block-advgb-table advgb-table-frontend is-style-regular\"><tbody><tr><td>\ufeff<\/td><td>Titres<\/td><td>Paroles<\/td><td>Musique<\/td><td>Dur\u00e9e<\/td><\/tr><tr><td>1.<\/td><td><strong><a href=\"https:\/\/www.band-maid.fr\/index.php\/thrill\/\">Thrill<\/a><\/strong><\/td><td>Kentaro Akutsu<\/td><td>Kentar\u014d Akutsu<\/td><td>04:04<\/td><\/tr><tr><td>2.<\/td><td><strong><strong><a href=\"https:\/\/www.band-maid.fr\/index.php\/freezer\/\">Freezer<\/a><\/strong><\/strong><\/td><td>Daria Kawashima<\/td><td>Atsushi Yamaguchi<\/td><td>03:15<\/td><\/tr><tr><td>3.<\/td><td><strong><strong><a href=\"https:\/\/www.band-maid.fr\/index.php\/real-existence\/\">Real Existence<\/a><\/strong><\/strong><\/td><td>Miwa Sasaki<\/td><td>Koji Goto (ck 510)<\/td><td>04:11<\/td><\/tr><tr><td>4.<\/td><td><strong><strong><strong><a href=\"https:\/\/www.band-maid.fr\/index.php\/price-of-pride\/\">Price of Pride<\/a><\/strong><\/strong><\/strong><\/td><td>Shiniki Yamashita<\/td><td>Ososhi Izumida<\/td><td>03:27<\/td><\/tr><tr><td>5.<\/td><td><strong><a href=\"https:\/\/www.band-maid.fr\/index.php\/arcadia-girl\/\">Arcadia Girl<\/a><\/strong><\/td><td>Shiniki Yamashita<\/td><td>Masazumi Ozawa<\/td><td>04:04<\/td><\/tr><tr><td>6.<\/td><td><strong><strong><a href=\"https:\/\/www.band-maid.fr\/index.php\/dont-apply-the-brake\/\">Don&rsquo;t Apply the Brake<\/a><\/strong><\/strong><\/td><td>Daria Kawashima<\/td><td>Atsushi Yamaguchi<\/td><td>03:19<\/td><\/tr><tr><td>7.<\/td><td><strong><strong><a href=\"https:\/\/www.band-maid.fr\/index.php\/beauty-and-the-beast\/\">Beauty and the Beast<\/a><\/strong><\/strong><\/td><td>Daria Kawashima<\/td><td>Hiroki Kawazoe<\/td><td>03:03<\/td><\/tr><tr><td>8.<\/td><td><strong><strong><a href=\"https:\/\/www.band-maid.fr\/index.php\/dont-let-me-down\/\">Don&rsquo;t Let Me Down<\/a><\/strong><\/strong><\/td><td>Akihito Tokunaga<\/td><td>Tokunaga<\/td><td>03:19<\/td><\/tr><tr><td>9.<\/td><td><strong><a href=\"https:\/\/www.band-maid.fr\/index.php\/shake-that\/\">Shake That!!<\/a><\/strong><\/td><td>Kentar\u014d Akutsu<\/td><td>Kentar\u014d Akutsu<\/td><td>04:05<\/td><\/tr><tr><td>      <\/td><td>    <\/td><td>    <\/td><td>    <\/td><td>  <\/td><\/tr><tr><td>Bonus DVD<\/td><td>\ufeff<\/td><td>\ufeff<\/td><td>\ufeff<\/td><td>\ufeff<\/td><\/tr><tr><td>10.<\/td><td><strong>Real Existence (music video)<\/strong><\/td><td>Miwa Sasaki<\/td><td>Koji Goto (ck 510)<\/td><td>04:12<\/td><\/tr><tr><td>11.<\/td><td><strong>Don&rsquo;t Let Me Down (music video)<\/strong><\/td><td>Akihito Tokunaga<\/td><td>Tokunaga<\/td><td>03:19<\/td><\/tr><\/tbody><\/table>\n\n\n\n<p id=\"block-e5fb0450-ead5-4293-9150-347313c2719f\"><\/p>\n\n\n\n<p id=\"block-e5fb0450-ead5-4293-9150-347313c2719f\"><\/p>\n\n\n\n<p><strong>Saiki Atsumi <\/strong>\u2013 chant (except\u00e9 chanson 7)<\/p>\n\n\n\n<p><strong>Miku Kobato<\/strong> \u2013 guitare rythmique, ch\u0153urs, chant (Beauty and the Beast)<\/p>\n\n\n\n<p><strong>Kanami T\u014dno<\/strong> \u2013 guitare solo<\/p>\n\n\n\n<p id=\"block-e5fb0450-ead5-4293-9150-347313c2719f\"><strong>Misa<\/strong> \u2013 basse<\/p>\n\n\n\n<p id=\"block-e5fb0450-ead5-4293-9150-347313c2719f\"><strong>Akane Hirose<\/strong> \u2013 batterie<\/p>\n\n\n\n<hr class=\"wp-block-separator has-alpha-channel-opacity\"\/>\n\n\n\n<figure class=\"wp-block-embed is-type-video is-provider-youtube wp-block-embed-youtube wp-embed-aspect-16-9 wp-has-aspect-ratio\"><div class=\"wp-block-embed__wrapper\">\n<iframe title=\"BAND-MAID \/ Thrill (\u30b9\u30ea\u30eb)  (Official Music Video)\" width=\"950\" height=\"534\" src=\"https:\/\/www.youtube.com\/embed\/Uds7g3M-4lQ?list=OLAK5uy_lVUa5I8a1LR6lXZ5cb2Qiff5l2uhhmegU\" frameborder=\"0\" allow=\"accelerometer; autoplay; clipboard-write; encrypted-media; gyroscope; picture-in-picture; web-share\" referrerpolicy=\"strict-origin-when-cross-origin\" allowfullscreen><\/iframe>\n<\/div><\/figure>\n\n\n\n<p>Lien direct sur la page YouTube officielle de Band-Maid.<\/p>\n<style class=\"advgb-styles-renderer\">#advgb-col-c51b0ce2-ed28-4b24-afdd-87ee333554b3>.advgb-column-inner{}@media screen and (max-width: 1023px) {#advgb-col-c51b0ce2-ed28-4b24-afdd-87ee333554b3>.advgb-column-inner{}}@media screen and (max-width: 767px) {#advgb-col-c51b0ce2-ed28-4b24-afdd-87ee333554b3>.advgb-column-inner{}}#advgb-col-18348ac2-bd72-445e-84c7-6b0c137cb156>.advgb-column-inner{}@media screen and (max-width: 1023px) {#advgb-col-18348ac2-bd72-445e-84c7-6b0c137cb156>.advgb-column-inner{}}@media screen and (max-width: 767px) {#advgb-col-18348ac2-bd72-445e-84c7-6b0c137cb156>.advgb-column-inner{}}#advgb-col-4037ca5a-c9dc-4c53-ad69-537efc0e64b0>.advgb-column-inner{}@media screen and (max-width: 1023px) {#advgb-col-4037ca5a-c9dc-4c53-ad69-537efc0e64b0>.advgb-column-inner{}}@media screen and (max-width: 767px) {#advgb-col-4037ca5a-c9dc-4c53-ad69-537efc0e64b0>.advgb-column-inner{}}#advgb-cols-7d915057-13ca-45c7-89f3-91a05bd26358{}@media screen and (max-width: 1023px) {#advgb-cols-7d915057-13ca-45c7-89f3-91a05bd26358{}}@media screen and (max-width: 767px) {#advgb-cols-7d915057-13ca-45c7-89f3-91a05bd26358{}}#advgb-col-18348ac2-bd72-445e-84c7-6b0c137cb156>.advgb-column-inner{}@media screen and (max-width: 1023px) {#advgb-col-18348ac2-bd72-445e-84c7-6b0c137cb156>.advgb-column-inner{}}@media screen and (max-width: 767px) {#advgb-col-18348ac2-bd72-445e-84c7-6b0c137cb156>.advgb-column-inner{}}#advgb-col-4037ca5a-c9dc-4c53-ad69-537efc0e64b0>.advgb-column-inner{}@media screen and (max-width: 1023px) {#advgb-col-4037ca5a-c9dc-4c53-ad69-537efc0e64b0>.advgb-column-inner{}}@media screen and (max-width: 767px) {#advgb-col-4037ca5a-c9dc-4c53-ad69-537efc0e64b0>.advgb-column-inner{}}#advgb-col-d11e0675-5ca8-4d79-b7a8-e06c32ec15a2>.advgb-column-inner{}@media screen and (max-width: 1023px) {#advgb-col-d11e0675-5ca8-4d79-b7a8-e06c32ec15a2>.advgb-column-inner{}}@media screen and (max-width: 767px) {#advgb-col-d11e0675-5ca8-4d79-b7a8-e06c32ec15a2>.advgb-column-inner{}}#advgb-cols-7d915057-13ca-45c7-89f3-91a05bd26358{}@media screen and (max-width: 1023px) {#advgb-cols-7d915057-13ca-45c7-89f3-91a05bd26358{}}@media screen and (max-width: 767px) {#advgb-cols-7d915057-13ca-45c7-89f3-91a05bd26358{}}#advgb-col-18348ac2-bd72-445e-84c7-6b0c137cb156>.advgb-column-inner{}@media screen and (max-width: 1023px) {#advgb-col-18348ac2-bd72-445e-84c7-6b0c137cb156>.advgb-column-inner{}}@media screen and (max-width: 767px) {#advgb-col-18348ac2-bd72-445e-84c7-6b0c137cb156>.advgb-column-inner{}}#advgb-col-4037ca5a-c9dc-4c53-ad69-537efc0e64b0>.advgb-column-inner{}@media screen and (max-width: 1023px) {#advgb-col-4037ca5a-c9dc-4c53-ad69-537efc0e64b0>.advgb-column-inner{}}@media screen and (max-width: 767px) {#advgb-col-4037ca5a-c9dc-4c53-ad69-537efc0e64b0>.advgb-column-inner{}}#advgb-cols-41de742b-55a3-44cc-b942-260e0248f05d{}@media screen and (max-width: 1023px) {#advgb-cols-41de742b-55a3-44cc-b942-260e0248f05d{}}@media screen and (max-width: 767px) {#advgb-cols-41de742b-55a3-44cc-b942-260e0248f05d{}}#advgb-col-c51b0ce2-ed28-4b24-afdd-87ee333554b3>.advgb-column-inner{}@media screen and (max-width: 1023px) {#advgb-col-c51b0ce2-ed28-4b24-afdd-87ee333554b3>.advgb-column-inner{}}@media screen and (max-width: 767px) {#advgb-col-c51b0ce2-ed28-4b24-afdd-87ee333554b3>.advgb-column-inner{}}#advgb-col-d11e0675-5ca8-4d79-b7a8-e06c32ec15a2>.advgb-column-inner{}@media screen and (max-width: 1023px) {#advgb-col-d11e0675-5ca8-4d79-b7a8-e06c32ec15a2>.advgb-column-inner{}}@media screen and (max-width: 767px) {#advgb-col-d11e0675-5ca8-4d79-b7a8-e06c32ec15a2>.advgb-column-inner{}}#advgb-cols-7d915057-13ca-45c7-89f3-91a05bd26358{}@media screen and (max-width: 1023px) {#advgb-cols-7d915057-13ca-45c7-89f3-91a05bd26358{}}@media screen and (max-width: 767px) {#advgb-cols-7d915057-13ca-45c7-89f3-91a05bd26358{}}#advgb-col-18348ac2-bd72-445e-84c7-6b0c137cb156>.advgb-column-inner{}@media screen and (max-width: 1023px) {#advgb-col-18348ac2-bd72-445e-84c7-6b0c137cb156>.advgb-column-inner{}}@media screen and (max-width: 767px) {#advgb-col-18348ac2-bd72-445e-84c7-6b0c137cb156>.advgb-column-inner{}}#advgb-col-4037ca5a-c9dc-4c53-ad69-537efc0e64b0>.advgb-column-inner{}@media screen and (max-width: 1023px) {#advgb-col-4037ca5a-c9dc-4c53-ad69-537efc0e64b0>.advgb-column-inner{}}@media screen and (max-width: 767px) {#advgb-col-4037ca5a-c9dc-4c53-ad69-537efc0e64b0>.advgb-column-inner{}}<\/style>","protected":false},"excerpt":{"rendered":"<p>Saiki Atsumi \u2013 chant (except\u00e9 chanson 7) Miku Kobato \u2013 guitare rythmique, ch\u0153urs, chant (Beauty and the Beast) Kanami T\u014dno \u2013 guitare solo Misa \u2013 basse Akane Hirose \u2013 batterie Lien direct sur la page YouTube officielle de Band-Maid.<\/p>\n","protected":false},"author":1,"featured_media":7203,"parent":0,"menu_order":0,"comment_status":"closed","ping_status":"closed","template":"","meta":{"advgb_blocks_editor_width":"","advgb_blocks_columns_visual_guide":"","footnotes":""},"class_list":["post-7103","page","type-page","status-publish","has-post-thumbnail","hentry"],"yoast_head":"<!-- This site is optimized with the Yoast SEO plugin v27.6 - https:\/\/yoast.com\/product\/yoast-seo-wordpress\/ -->\n<title>NEW BEGINNING - BAND-MAID<\/title>\n<meta name=\"description\" content=\"D\u00e9couvrez toutes les informations sur le second EP de BAND-MAID sorti en novembre 2015 : New Beginning.\" \/>\n<meta name=\"robots\" content=\"index, follow, max-snippet:-1, max-image-preview:large, max-video-preview:-1\" \/>\n<link rel=\"canonical\" href=\"https:\/\/www.band-maid.fr\/index.php\/new-beginning\/\" \/>\n<meta property=\"og:locale\" content=\"fr_FR\" \/>\n<meta property=\"og:type\" content=\"article\" \/>\n<meta property=\"og:title\" content=\"NEW BEGINNING - BAND-MAID\" \/>\n<meta property=\"og:description\" content=\"D\u00e9couvrez toutes les informations sur le second EP de BAND-MAID sorti en novembre 2015 : New Beginning.\" \/>\n<meta property=\"og:url\" content=\"https:\/\/www.band-maid.fr\/index.php\/new-beginning\/\" \/>\n<meta property=\"og:site_name\" content=\"BAND-MAID\" \/>\n<meta property=\"article:publisher\" content=\"https:\/\/www.facebook.com\/bandmaid\" \/>\n<meta property=\"article:modified_time\" content=\"2026-04-08T20:30:05+00:00\" \/>\n<meta property=\"og:image\" content=\"https:\/\/www.band-maid.fr\/wp-content\/uploads\/2026\/01\/band-maid-New-Beginning-2.jpg\" \/>\n\t<meta property=\"og:image:width\" content=\"1200\" \/>\n\t<meta property=\"og:image:height\" content=\"215\" \/>\n\t<meta property=\"og:image:type\" content=\"image\/jpeg\" \/>\n<meta name=\"twitter:card\" content=\"summary_large_image\" \/>\n<meta name=\"twitter:site\" content=\"@bandmaid\" \/>\n<meta name=\"twitter:label1\" content=\"Dur\u00e9e de lecture estim\u00e9e\" \/>\n\t<meta name=\"twitter:data1\" content=\"2 minutes\" \/>\n<script type=\"application\/ld+json\" class=\"yoast-schema-graph\">{\"@context\":\"https:\\\/\\\/schema.org\",\"@graph\":[{\"@type\":\"WebPage\",\"@id\":\"https:\\\/\\\/www.band-maid.fr\\\/index.php\\\/new-beginning\\\/\",\"url\":\"https:\\\/\\\/www.band-maid.fr\\\/index.php\\\/new-beginning\\\/\",\"name\":\"NEW BEGINNING - BAND-MAID\",\"isPartOf\":{\"@id\":\"https:\\\/\\\/www.band-maid.fr\\\/#website\"},\"primaryImageOfPage\":{\"@id\":\"https:\\\/\\\/www.band-maid.fr\\\/index.php\\\/new-beginning\\\/#primaryimage\"},\"image\":{\"@id\":\"https:\\\/\\\/www.band-maid.fr\\\/index.php\\\/new-beginning\\\/#primaryimage\"},\"thumbnailUrl\":\"https:\\\/\\\/www.band-maid.fr\\\/wp-content\\\/uploads\\\/2026\\\/01\\\/band-maid-New-Beginning-2.jpg\",\"datePublished\":\"2026-01-02T10:05:31+00:00\",\"dateModified\":\"2026-04-08T20:30:05+00:00\",\"description\":\"D\u00e9couvrez toutes les informations sur le second EP de BAND-MAID sorti en novembre 2015 : New Beginning.\",\"breadcrumb\":{\"@id\":\"https:\\\/\\\/www.band-maid.fr\\\/index.php\\\/new-beginning\\\/#breadcrumb\"},\"inLanguage\":\"fr-FR\",\"potentialAction\":[{\"@type\":\"ReadAction\",\"target\":[\"https:\\\/\\\/www.band-maid.fr\\\/index.php\\\/new-beginning\\\/\"]}]},{\"@type\":\"ImageObject\",\"inLanguage\":\"fr-FR\",\"@id\":\"https:\\\/\\\/www.band-maid.fr\\\/index.php\\\/new-beginning\\\/#primaryimage\",\"url\":\"https:\\\/\\\/www.band-maid.fr\\\/wp-content\\\/uploads\\\/2026\\\/01\\\/band-maid-New-Beginning-2.jpg\",\"contentUrl\":\"https:\\\/\\\/www.band-maid.fr\\\/wp-content\\\/uploads\\\/2026\\\/01\\\/band-maid-New-Beginning-2.jpg\",\"width\":1200,\"height\":215},{\"@type\":\"BreadcrumbList\",\"@id\":\"https:\\\/\\\/www.band-maid.fr\\\/index.php\\\/new-beginning\\\/#breadcrumb\",\"itemListElement\":[{\"@type\":\"ListItem\",\"position\":1,\"name\":\"Accueil\",\"item\":\"https:\\\/\\\/www.band-maid.fr\\\/\"},{\"@type\":\"ListItem\",\"position\":2,\"name\":\"NEW BEGINNING\"}]},{\"@type\":\"WebSite\",\"@id\":\"https:\\\/\\\/www.band-maid.fr\\\/#website\",\"url\":\"https:\\\/\\\/www.band-maid.fr\\\/\",\"name\":\"BAND-MAID\",\"description\":\"WORLD DOMINATION\",\"publisher\":{\"@id\":\"https:\\\/\\\/www.band-maid.fr\\\/#organization\"},\"potentialAction\":[{\"@type\":\"SearchAction\",\"target\":{\"@type\":\"EntryPoint\",\"urlTemplate\":\"https:\\\/\\\/www.band-maid.fr\\\/?s={search_term_string}\"},\"query-input\":{\"@type\":\"PropertyValueSpecification\",\"valueRequired\":true,\"valueName\":\"search_term_string\"}}],\"inLanguage\":\"fr-FR\"},{\"@type\":\"Organization\",\"@id\":\"https:\\\/\\\/www.band-maid.fr\\\/#organization\",\"name\":\"BAND-MAID\",\"url\":\"https:\\\/\\\/www.band-maid.fr\\\/\",\"logo\":{\"@type\":\"ImageObject\",\"inLanguage\":\"fr-FR\",\"@id\":\"https:\\\/\\\/www.band-maid.fr\\\/#\\\/schema\\\/logo\\\/image\\\/\",\"url\":\"http:\\\/\\\/wglgkdc.cluster121.hosting.ovh.net\\\/wp-content\\\/uploads\\\/2026\\\/01\\\/logo_band-maid_b.png\",\"contentUrl\":\"http:\\\/\\\/wglgkdc.cluster121.hosting.ovh.net\\\/wp-content\\\/uploads\\\/2026\\\/01\\\/logo_band-maid_b.png\",\"width\":540,\"height\":93,\"caption\":\"BAND-MAID\"},\"image\":{\"@id\":\"https:\\\/\\\/www.band-maid.fr\\\/#\\\/schema\\\/logo\\\/image\\\/\"},\"sameAs\":[\"https:\\\/\\\/www.facebook.com\\\/bandmaid\",\"https:\\\/\\\/x.com\\\/bandmaid\",\"https:\\\/\\\/www.instagram.com\\\/bandmaid.jp\\\/\",\"https:\\\/\\\/www.youtube.com\\\/channel\\\/UCJToUvYrmkmTCR-bluEaQfA\",\"https:\\\/\\\/www.tiktok.com\\\/@bandmaid_int\"]}]}<\/script>\n<!-- \/ Yoast SEO plugin. -->","yoast_head_json":{"title":"NEW BEGINNING - BAND-MAID","description":"D\u00e9couvrez toutes les informations sur le second EP de BAND-MAID sorti en novembre 2015 : New Beginning.","robots":{"index":"index","follow":"follow","max-snippet":"max-snippet:-1","max-image-preview":"max-image-preview:large","max-video-preview":"max-video-preview:-1"},"canonical":"https:\/\/www.band-maid.fr\/index.php\/new-beginning\/","og_locale":"fr_FR","og_type":"article","og_title":"NEW BEGINNING - BAND-MAID","og_description":"D\u00e9couvrez toutes les informations sur le second EP de BAND-MAID sorti en novembre 2015 : New Beginning.","og_url":"https:\/\/www.band-maid.fr\/index.php\/new-beginning\/","og_site_name":"BAND-MAID","article_publisher":"https:\/\/www.facebook.com\/bandmaid","article_modified_time":"2026-04-08T20:30:05+00:00","og_image":[{"width":1200,"height":215,"url":"https:\/\/www.band-maid.fr\/wp-content\/uploads\/2026\/01\/band-maid-New-Beginning-2.jpg","type":"image\/jpeg"}],"twitter_card":"summary_large_image","twitter_site":"@bandmaid","twitter_misc":{"Dur\u00e9e de lecture estim\u00e9e":"2 minutes"},"schema":{"@context":"https:\/\/schema.org","@graph":[{"@type":"WebPage","@id":"https:\/\/www.band-maid.fr\/index.php\/new-beginning\/","url":"https:\/\/www.band-maid.fr\/index.php\/new-beginning\/","name":"NEW BEGINNING - BAND-MAID","isPartOf":{"@id":"https:\/\/www.band-maid.fr\/#website"},"primaryImageOfPage":{"@id":"https:\/\/www.band-maid.fr\/index.php\/new-beginning\/#primaryimage"},"image":{"@id":"https:\/\/www.band-maid.fr\/index.php\/new-beginning\/#primaryimage"},"thumbnailUrl":"https:\/\/www.band-maid.fr\/wp-content\/uploads\/2026\/01\/band-maid-New-Beginning-2.jpg","datePublished":"2026-01-02T10:05:31+00:00","dateModified":"2026-04-08T20:30:05+00:00","description":"D\u00e9couvrez toutes les informations sur le second EP de BAND-MAID sorti en novembre 2015 : New Beginning.","breadcrumb":{"@id":"https:\/\/www.band-maid.fr\/index.php\/new-beginning\/#breadcrumb"},"inLanguage":"fr-FR","potentialAction":[{"@type":"ReadAction","target":["https:\/\/www.band-maid.fr\/index.php\/new-beginning\/"]}]},{"@type":"ImageObject","inLanguage":"fr-FR","@id":"https:\/\/www.band-maid.fr\/index.php\/new-beginning\/#primaryimage","url":"https:\/\/www.band-maid.fr\/wp-content\/uploads\/2026\/01\/band-maid-New-Beginning-2.jpg","contentUrl":"https:\/\/www.band-maid.fr\/wp-content\/uploads\/2026\/01\/band-maid-New-Beginning-2.jpg","width":1200,"height":215},{"@type":"BreadcrumbList","@id":"https:\/\/www.band-maid.fr\/index.php\/new-beginning\/#breadcrumb","itemListElement":[{"@type":"ListItem","position":1,"name":"Accueil","item":"https:\/\/www.band-maid.fr\/"},{"@type":"ListItem","position":2,"name":"NEW BEGINNING"}]},{"@type":"WebSite","@id":"https:\/\/www.band-maid.fr\/#website","url":"https:\/\/www.band-maid.fr\/","name":"BAND-MAID","description":"WORLD DOMINATION","publisher":{"@id":"https:\/\/www.band-maid.fr\/#organization"},"potentialAction":[{"@type":"SearchAction","target":{"@type":"EntryPoint","urlTemplate":"https:\/\/www.band-maid.fr\/?s={search_term_string}"},"query-input":{"@type":"PropertyValueSpecification","valueRequired":true,"valueName":"search_term_string"}}],"inLanguage":"fr-FR"},{"@type":"Organization","@id":"https:\/\/www.band-maid.fr\/#organization","name":"BAND-MAID","url":"https:\/\/www.band-maid.fr\/","logo":{"@type":"ImageObject","inLanguage":"fr-FR","@id":"https:\/\/www.band-maid.fr\/#\/schema\/logo\/image\/","url":"http:\/\/wglgkdc.cluster121.hosting.ovh.net\/wp-content\/uploads\/2026\/01\/logo_band-maid_b.png","contentUrl":"http:\/\/wglgkdc.cluster121.hosting.ovh.net\/wp-content\/uploads\/2026\/01\/logo_band-maid_b.png","width":540,"height":93,"caption":"BAND-MAID"},"image":{"@id":"https:\/\/www.band-maid.fr\/#\/schema\/logo\/image\/"},"sameAs":["https:\/\/www.facebook.com\/bandmaid","https:\/\/x.com\/bandmaid","https:\/\/www.instagram.com\/bandmaid.jp\/","https:\/\/www.youtube.com\/channel\/UCJToUvYrmkmTCR-bluEaQfA","https:\/\/www.tiktok.com\/@bandmaid_int"]}]}},"coauthors":[],"author_meta":{"author_link":"https:\/\/www.band-maid.fr\/index.php\/author\/admin8693\/","display_name":"LJB"},"relative_dates":{"created":"Publi\u00e9 4 mois il y a","modified":"Mis \u00e0 jour 1 mois il y a"},"absolute_dates":{"created":"Publi\u00e9 le 02\/01\/2026","modified":"Mise \u00e0 jour le 08\/04\/2026"},"absolute_dates_time":{"created":"Publi\u00e9 le 02\/01\/2026 10h05","modified":"Mise \u00e0 jour le 08\/04\/2026 20h30"},"featured_img_caption":"","featured_img":"https:\/\/www.band-maid.fr\/wp-content\/uploads\/2026\/01\/band-maid-New-Beginning-2.jpg","series_order":"","featured_media_urls":{"thumbnail":["https:\/\/www.band-maid.fr\/wp-content\/uploads\/2026\/01\/band-maid-New-Beginning-2-150x150.jpg",150,150,true],"medium":["https:\/\/www.band-maid.fr\/wp-content\/uploads\/2026\/01\/band-maid-New-Beginning-2-300x54.jpg",300,54,true],"medium_large":["https:\/\/www.band-maid.fr\/wp-content\/uploads\/2026\/01\/band-maid-New-Beginning-2.jpg",768,138,false],"large":["https:\/\/www.band-maid.fr\/wp-content\/uploads\/2026\/01\/band-maid-New-Beginning-2-1024x183.jpg",950,170,true],"1536x1536":["https:\/\/www.band-maid.fr\/wp-content\/uploads\/2026\/01\/band-maid-New-Beginning-2.jpg",1200,215,false],"2048x2048":["https:\/\/www.band-maid.fr\/wp-content\/uploads\/2026\/01\/band-maid-New-Beginning-2.jpg",1200,215,false],"inspiro-featured-image":["https:\/\/www.band-maid.fr\/wp-content\/uploads\/2026\/01\/band-maid-New-Beginning-2.jpg",1200,215,false],"inspiro-loop":["https:\/\/www.band-maid.fr\/wp-content\/uploads\/2026\/01\/band-maid-New-Beginning-2-950x215.jpg",950,215,true],"inspiro-loop@2x":["https:\/\/www.band-maid.fr\/wp-content\/uploads\/2026\/01\/band-maid-New-Beginning-2.jpg",1200,215,false],"portfolio_item-thumbnail":["https:\/\/www.band-maid.fr\/wp-content\/uploads\/2026\/01\/band-maid-New-Beginning-2-600x215.jpg",600,215,true],"portfolio_item-thumbnail@2x":["https:\/\/www.band-maid.fr\/wp-content\/uploads\/2026\/01\/band-maid-New-Beginning-2.jpg",1200,215,false],"portfolio_item-masonry":["https:\/\/www.band-maid.fr\/wp-content\/uploads\/2026\/01\/band-maid-New-Beginning-2-600x108.jpg",600,108,true],"portfolio_item-masonry@2x":["https:\/\/www.band-maid.fr\/wp-content\/uploads\/2026\/01\/band-maid-New-Beginning-2.jpg",1200,215,false],"portfolio_item-thumbnail_cinema":["https:\/\/www.band-maid.fr\/wp-content\/uploads\/2026\/01\/band-maid-New-Beginning-2-800x215.jpg",800,215,true],"portfolio_item-thumbnail_portrait":["https:\/\/www.band-maid.fr\/wp-content\/uploads\/2026\/01\/band-maid-New-Beginning-2-600x215.jpg",600,215,true],"portfolio_item-thumbnail_portrait@2x":["https:\/\/www.band-maid.fr\/wp-content\/uploads\/2026\/01\/band-maid-New-Beginning-2.jpg",1200,215,false],"portfolio_item-thumbnail_square":["https:\/\/www.band-maid.fr\/wp-content\/uploads\/2026\/01\/band-maid-New-Beginning-2-800x215.jpg",800,215,true]},"_links":{"self":[{"href":"https:\/\/www.band-maid.fr\/index.php\/wp-json\/wp\/v2\/pages\/7103","targetHints":{"allow":["GET"]}}],"collection":[{"href":"https:\/\/www.band-maid.fr\/index.php\/wp-json\/wp\/v2\/pages"}],"about":[{"href":"https:\/\/www.band-maid.fr\/index.php\/wp-json\/wp\/v2\/types\/page"}],"author":[{"embeddable":true,"href":"https:\/\/www.band-maid.fr\/index.php\/wp-json\/wp\/v2\/users\/1"}],"replies":[{"embeddable":true,"href":"https:\/\/www.band-maid.fr\/index.php\/wp-json\/wp\/v2\/comments?post=7103"}],"version-history":[{"count":19,"href":"https:\/\/www.band-maid.fr\/index.php\/wp-json\/wp\/v2\/pages\/7103\/revisions"}],"predecessor-version":[{"id":9544,"href":"https:\/\/www.band-maid.fr\/index.php\/wp-json\/wp\/v2\/pages\/7103\/revisions\/9544"}],"wp:featuredmedia":[{"embeddable":true,"href":"https:\/\/www.band-maid.fr\/index.php\/wp-json\/wp\/v2\/media\/7203"}],"wp:attachment":[{"href":"https:\/\/www.band-maid.fr\/index.php\/wp-json\/wp\/v2\/media?parent=7103"}],"curies":[{"name":"wp","href":"https:\/\/api.w.org\/{rel}","templated":true}]}}